{"id":597,"date":"2016-04-19T12:34:57","date_gmt":"2016-04-19T11:34:57","guid":{"rendered":"http:\/\/stevenson-fontainebleau.fr\/?page_id=597"},"modified":"2018-02-18T18:12:32","modified_gmt":"2018-02-18T17:12:32","slug":"quelques-moments-forts-de-2016","status":"publish","type":"page","link":"https:\/\/stevenson-fontainebleau.fr\/2026\/03\/24\/assemblee-generale-dimanche-29-mars\/evenements-en-cours\/evenements-2016\/quelques-moments-forts-de-2016\/","title":{"rendered":"Quelques moments forts de 2016"},"content":{"rendered":"<h3><span style=\"color: #808080;\">Quelques moments forts de 2016<\/span><\/h3>\n<p align=\"LEFT\"><span lang=\"ZH-TW\" style=\"font-family: Symbol;\">\uf0b7 <\/span><a href=\"http:\/\/stevenson-fontainebleau.fr\/wp-content\/uploads\/2016\/02\/Chasse-au-tr\u00e9sor.pdf\" target=\"_blank\" rel=\"noopener\"><span style=\"font-family: Calibri;\">Chasse au tr\u00e9sor \u00e0 Franchard le 3 avril.<\/span><\/a><\/p>\n<p align=\"LEFT\"><a href=\"http:\/\/www.barbizontourisme.fr\/?portfolio=exposition-r-l-stevenson-mairie-de-barbizon-du-1er-mai-au-22-mai-2016&amp;lang=fr\" target=\"_blank\" rel=\"noopener\"><span lang=\"ZH-TW\" style=\"font-family: Symbol;\">\uf0b7 <\/span><span style=\"font-family: Calibri;\">Randonn\u00e9e bilingue le 22 mai de Recloses \u00e0 Barbizon.<\/span><\/a><\/p>\n<p align=\"LEFT\"><a href=\"http:\/\/www.barbizontourisme.fr\/?portfolio=exposition-r-l-stevenson-mairie-de-barbizon-du-1er-mai-au-22-mai-2016&amp;lang=fr\" target=\"_blank\" rel=\"noopener\"><span lang=\"ZH-TW\" style=\"font-family: Symbol;\">\uf0b7 <\/span><span style=\"font-family: Calibri;\">Stevenson \u00e0 Barbizon : une exposition en mai 2016.<\/span><\/a><\/p>\n<div id='gallery-1' class='gallery galleryid-597 gallery-columns-3 gallery-size-large'><figure class='gallery-item'>\n\t\t\t<div class='gallery-icon portrait'>\n\t\t\t\t<img loading=\"lazy\" decoding=\"async\" width=\"474\" height=\"666\" src=\"https:\/\/stevenson-fontainebleau.fr\/wp-content\/uploads\/2016\/04\/rlsdbag-rando-bilingue-2016.jpg\" class=\"attachment-large size-large\" alt=\"\" srcset=\"https:\/\/stevenson-fontainebleau.fr\/wp-content\/uploads\/2016\/04\/rlsdbag-rando-bilingue-2016.jpg 641w, https:\/\/stevenson-fontainebleau.fr\/wp-content\/uploads\/2016\/04\/rlsdbag-rando-bilingue-2016-214x300.jpg 214w\" sizes=\"auto, (max-width: 474px) 100vw, 474px\" \/>\n\t\t\t<\/div><\/figure><figure class='gallery-item'>\n\t\t\t<div class='gallery-icon portrait'>\n\t\t\t\t<img loading=\"lazy\" decoding=\"async\" width=\"474\" height=\"670\" src=\"https:\/\/stevenson-fontainebleau.fr\/wp-content\/uploads\/2016\/04\/rlsdbag-expo-Barbizon-2016.jpg\" class=\"attachment-large size-large\" alt=\"\" srcset=\"https:\/\/stevenson-fontainebleau.fr\/wp-content\/uploads\/2016\/04\/rlsdbag-expo-Barbizon-2016.jpg 637w, https:\/\/stevenson-fontainebleau.fr\/wp-content\/uploads\/2016\/04\/rlsdbag-expo-Barbizon-2016-212x300.jpg 212w\" sizes=\"auto, (max-width: 474px) 100vw, 474px\" \/>\n\t\t\t<\/div><\/figure><figure class='gallery-item'>\n\t\t\t<div class='gallery-icon portrait'>\n\t\t\t\t<img loading=\"lazy\" decoding=\"async\" width=\"474\" height=\"676\" src=\"https:\/\/stevenson-fontainebleau.fr\/wp-content\/uploads\/2016\/04\/RLS-BARBIZON.jpg\" class=\"attachment-large size-large\" alt=\"\" srcset=\"https:\/\/stevenson-fontainebleau.fr\/wp-content\/uploads\/2016\/04\/RLS-BARBIZON.jpg 631w, https:\/\/stevenson-fontainebleau.fr\/wp-content\/uploads\/2016\/04\/RLS-BARBIZON-210x300.jpg 210w\" sizes=\"auto, (max-width: 474px) 100vw, 474px\" \/>\n\t\t\t<\/div><\/figure>\n\t\t<\/div>\n\n<p align=\"LEFT\"><a href=\"http:\/\/stevenson-fontainebleau.fr\/wp-content\/uploads\/2016\/04\/RLS-BARBIZON.jpg\" target=\"_blank\" rel=\"noopener\">\u00a0<\/a><\/p>\n<p align=\"LEFT\"><span lang=\"ZH-TW\" style=\"font-family: Symbol;\">\uf0b7 <\/span><a href=\"http:\/\/stevenson-fontainebleau.fr\/evenements\/itineraire-de-randonnee\/\"><span style=\"font-family: Calibri;\">En chemin vers Chatillon sur Loire d\u00e9part de Grez le 2 mai <\/span><span style=\"font-family: Calibri;\">\u2013 <\/span><span style=\"font-family: Calibri;\">arriv\u00e9e le\u00a07 mai.<\/span><\/a><\/p>\n<p align=\"LEFT\"><span lang=\"ZH-TW\" style=\"font-family: Symbol;\">\uf0b7 <\/span><span style=\"font-family: Calibri;\">Journ\u00e9e \u00e0 Recloses le 16 octobre.<\/span><\/p>\n<p><span lang=\"ZH-TW\" style=\"font-family: Symbol;\">\uf0b7 <\/span><span style=\"font-family: Calibri;\">25-27 novembre Assembl\u00e9e g\u00e9n\u00e9rale du r\u00e9seau europ\u00e9en au pays de Fontainebleau.<\/span><\/p>\n<p>&nbsp;<\/p>\n<p>&nbsp;<\/p>\n","protected":false},"excerpt":{"rendered":"<p>Quelques moments forts de 2016 \uf0b7 Chasse au tr\u00e9sor \u00e0 Franchard le 3 avril. \uf0b7 Randonn\u00e9e bilingue le 22 mai de Recloses \u00e0 Barbizon. \uf0b7 Stevenson \u00e0 Barbizon : une exposition en mai 2016. \u00a0 \uf0b7 En chemin vers Chatillon sur Loire d\u00e9part de Grez le 2 mai \u2013 arriv\u00e9e le\u00a07 mai. \uf0b7 Journ\u00e9e \u00e0 &hellip; <a href=\"https:\/\/stevenson-fontainebleau.fr\/2026\/03\/24\/assemblee-generale-dimanche-29-mars\/evenements-en-cours\/evenements-2016\/quelques-moments-forts-de-2016\/\" class=\"more-link\">Continuer la lecture de <span class=\"screen-reader-text\">Quelques moments forts de 2016<\/span>  <span class=\"meta-nav\">&rarr;<\/span><\/a><\/p>\n","protected":false},"author":1,"featured_media":0,"parent":1428,"menu_order":50,"comment_status":"closed","ping_status":"closed","template":"","meta":{"footnotes":""},"class_list":["post-597","page","type-page","status-publish","hentry"],"_links":{"self":[{"href":"https:\/\/stevenson-fontainebleau.fr\/2026\/03\/24\/assemblee-generale-dimanche-29-mars\/wp-json\/wp\/v2\/pages\/597","targetHints":{"allow":["GET"]}}],"collection":[{"href":"https:\/\/stevenson-fontainebleau.fr\/2026\/03\/24\/assemblee-generale-dimanche-29-mars\/wp-json\/wp\/v2\/pages"}],"about":[{"href":"https:\/\/stevenson-fontainebleau.fr\/2026\/03\/24\/assemblee-generale-dimanche-29-mars\/wp-json\/wp\/v2\/types\/page"}],"author":[{"embeddable":true,"href":"https:\/\/stevenson-fontainebleau.fr\/2026\/03\/24\/assemblee-generale-dimanche-29-mars\/wp-json\/wp\/v2\/users\/1"}],"replies":[{"embeddable":true,"href":"https:\/\/stevenson-fontainebleau.fr\/2026\/03\/24\/assemblee-generale-dimanche-29-mars\/wp-json\/wp\/v2\/comments?post=597"}],"version-history":[{"count":21,"href":"https:\/\/stevenson-fontainebleau.fr\/2026\/03\/24\/assemblee-generale-dimanche-29-mars\/wp-json\/wp\/v2\/pages\/597\/revisions"}],"predecessor-version":[{"id":1422,"href":"https:\/\/stevenson-fontainebleau.fr\/2026\/03\/24\/assemblee-generale-dimanche-29-mars\/wp-json\/wp\/v2\/pages\/597\/revisions\/1422"}],"up":[{"embeddable":true,"href":"https:\/\/stevenson-fontainebleau.fr\/2026\/03\/24\/assemblee-generale-dimanche-29-mars\/wp-json\/wp\/v2\/pages\/1428"}],"wp:attachment":[{"href":"https:\/\/stevenson-fontainebleau.fr\/2026\/03\/24\/assemblee-generale-dimanche-29-mars\/wp-json\/wp\/v2\/media?parent=597"}],"curies":[{"name":"wp","href":"https:\/\/api.w.org\/{rel}","templated":true}]}}