{"id":4881,"date":"2025-09-06T14:20:00","date_gmt":"2025-09-06T13:20:00","guid":{"rendered":"https:\/\/stevenson-fontainebleau.fr\/?page_id=4881"},"modified":"2025-11-22T14:46:34","modified_gmt":"2025-11-22T13:46:34","slug":"les-randos-du-jeudi-de-stevenson-juillet-aout-2025","status":"publish","type":"page","link":"https:\/\/stevenson-fontainebleau.fr\/2026\/03\/24\/assemblee-generale-dimanche-29-mars\/evenements-en-cours\/programme-des-activites-2025\/les-randos-du-jeudi-de-stevenson-juillet-aout-2025\/","title":{"rendered":"Les randos du jeudi de Stevenson Juillet-Ao\u00fbt 2025"},"content":{"rendered":"\n<p class=\"has-text-align-center has-green-color has-text-color has-link-color has-medium-font-size wp-elements-56853f95051cfdc1e0f7dbc66f1e95c3\"><em><strong>Ces randonn\u00e9es-balades sont &nbsp;gratuites et&nbsp; ouvertes \u00e0 toutes et tous.&nbsp; <\/strong><\/em><\/p>\n\n\n\n<p class=\"has-text-align-center has-green-color has-text-color has-link-color has-medium-font-size wp-elements-e4011cd97605fa4cff86739209c80f8c\">Cette ann\u00e9e, il n&rsquo;y a pas d&rsquo;inscription obligatoire mais nous aimerions n\u00e9anmoins que vous nous envoyiez un court e-mail \u00e0 l&rsquo;adresse <a href=\"mailto:inscription@stevenson-fontainebleau.fr?subject=mailto:inscription@stevenson-fontainebleau.fr?Subject=RLSdBaG%20-%20Inscription%20Jeudis%20Stevenson%202025&amp;Body=Veuillez%20m\u2019inscrire%20\/%20nous%20inscrire%20pour%20la%20sortie%20suivante%20:%20%0ADate%20de%20sortie:%20%0ANom%20:%20%0A%20Nombre%20de%20personnes%20:%20%0A%0ASi%20vous%20souhaitez%20vous%20inscrire%20\u00e0%20plusieurs%20randonn\u00e9es,%20veuillez%20nous%20pr\u00e9ciser%20le%20nombre%20de%20personnes%20pour%20chaque%20sortie%20souhait\u00e9e:%20%0A\"><em>inscription@stevenson-fontainebleau.fr<\/em><\/a><em><a href=\"mailto:inscription@stevenson-fontainebleau.fr?Subject=RLSdBaG%20-%20Inscription%203%20jours%0aStevenson%202023&amp;Body=Veuillez%20m\u2019inscrire%20\/%20nous%20inscrire%20pour%20les%25randonn\u00e9es%20suivantes%20%0ASi%20vous%20souhaitez%20vous%20inscrire%20\u00e0%20plusieurs%20randonn\u00e9es,%20veuillez%20copier%20les%20lignes%20suivantes%20et%20les%20remplir%20pour%20chaque%20sortie%20souhait\u00e9:%20%0ANom:%20%0AN\u00b0%0asortie%20(1,%202,%203):%20%25et%20nombre%20de%20personnes:%20%0A\">&nbsp;<\/a> <\/em> avec le nombre de participants.<\/p>\n\n\n<div class=\"wp-block-image\">\n<figure class=\"aligncenter size-full is-resized\"><img loading=\"lazy\" decoding=\"async\" width=\"559\" height=\"591\" src=\"https:\/\/stevenson-fontainebleau.fr\/wp-content\/uploads\/2025\/06\/image.png\" alt=\"\" class=\"wp-image-4831\" style=\"width:109px;height:auto\" srcset=\"https:\/\/stevenson-fontainebleau.fr\/wp-content\/uploads\/2025\/06\/image.png 559w, https:\/\/stevenson-fontainebleau.fr\/wp-content\/uploads\/2025\/06\/image-284x300.png 284w\" sizes=\"auto, (max-width: 559px) 100vw, 559px\" \/><\/figure>\n<\/div>\n\n\n<p class=\"has-text-align-center has-green-color has-text-color has-link-color has-medium-font-size wp-elements-205217ad32360cb76e516e19a98f4d61\">Programme des randonn\u00e9es- balades et d\u00e9couvertes<\/p>\n\n\n\n<p class=\"has-link-color has-medium-font-size wp-elements-7768a815bd497ab76692a90f11530b70\">pour en savoir plus: <a href=\"https:\/\/stevenson-fontainebleau.fr\/gazette-17-2025\/\" target=\"_blank\" rel=\"noreferrer noopener\">Cliquez ICI gazette-17<\/a><\/p>\n\n\n\n<p class=\"has-link-color has-medium-font-size wp-elements-6eed54c39bedbbfd6327beee39918796\"><br \/><strong>Jeudi 3 juillet :<\/strong><em><strong> <\/strong>Une balade en boucle de 8 km sur les chemins autour de Villecerf.<\/em><br \/>RV \u00e0 9h, place Marquis de Roys \u00e0 Villecerf avec Micheline Declemy.<\/p>\n\n\n\n<p class=\"has-link-color has-medium-font-size wp-elements-223b32c886a7e8eaab4a6116aae2f933\"><strong>Jeudi 10 juillet:<\/strong> <em>Sur les chemins et les murs \u00e0 vignes de Thomery.<\/em><br \/>D\u00e9part \u00e0 9h pour une balade en boucle depuis le parking de la Plage, Chemin des pr\u00e9s \u00e0 Thomery avec Micheline Declemy.<\/p>\n\n\n\n<p class=\"has-link-color has-medium-font-size wp-elements-336c0ed89bbab5a106f8da768b761d41\"><strong>Jeudi 17 juillet:<\/strong> <em>A la d\u00e9couverte des abris orn\u00e9<\/em>s<br \/>avec Laurent Valois du GERSAR (Groupe d\u2019\u00e9tudes, de recherches et de sauvegarde de l\u2019art rupestre) et Anne-Sophie Leclerc. RV \u00e0 9h30 \u00e0 Recloses,<br \/>place devant la Mairie.<\/p>\n\n\n\n<p class=\"has-link-color has-medium-font-size wp-elements-fcbec5d4682fb67c30e195ab7bd34d87\"><strong>Jeudi 24 juillet:<\/strong> U<em>ne balade de 4,5 km en boucle, en chansons et en for\u00eat de Fontainebleau.<\/em><\/p>\n\n\n\n<p class=\"has-electric-grass-gradient-background has-text-color has-background has-link-color has-medium-font-size wp-elements-1ff89e38aa46a65dcba55bf76ee1ca62\" style=\"color:#f21111\"><strong>\u00ab&nbsp;la rando STEVENSON de ce soir jeudi 24 juillet \u00e0 18h00, RDV croix d\u2019Augas est annul\u00e9e cause de mauvais temps et report\u00e9e au  samedi 26 juillet m\u00eame heure, m\u00eame lieu&nbsp;<\/strong><br \/>Rocher Cassepot et Mare Froideau avec pique-nique en for\u00eat vers 19h30. RV \u00e0 la Croix d\u2019Augas \u00e0 18h avec Pierre Maury 0687786426 et Claire Jacquet,<\/p>\n\n\n\n<p class=\"has-link-color has-medium-font-size wp-elements-718c278b29db522f02d64aa41a85ffaa\"><strong>Jeudi 31 juillet:<\/strong><em> Boissy-aux-Cailles, ah, vous ne connaissez pas ?<\/em><br \/>Balade en boucle de 6 km, RV \u00e0 10h place de l\u2019\u00e9glise de Boissy-aux-Cailles, avec Maryse Terragno, pique-nique possible en fin de balade.<\/p>\n\n\n\n<p class=\"has-link-color has-medium-font-size wp-elements-8eb30271157a7409de81e50fdf95dfe6\"><strong>Vendredi 8 ao\u00fbt: <\/strong><em>De la For\u00eat \u00e0 la permaculture, en chemin avec un \u00e2ne<\/em><br \/>RV \u00e0 9H30 \u00e0 l\u2019\u00e2nerie Bacotte Bois-le-Roi, chemin de Samois avec Michel Brun.<\/p>\n\n\n\n<p class=\"has-link-color has-medium-font-size wp-elements-2fabef2d7126271cee954d2cdd377cc6\"><strong>Jeudi 14 ao\u00fbt :<\/strong> <em>La for\u00eat de Fontainebleau, lieu d\u2019entrainement, les vestiges militaires.<\/em><br \/>D\u00e9part \u00e0 9h30 sur la D152 au niveau de l\u2019aqueduc de la Vanne, apr\u00e8s le Grand parquet. Balade en boucle de 8 km avec Pierre Maury.<br \/><br \/><strong>Samedi 16 ao\u00fbt :<\/strong> <em>Le mus\u00e9e de l\u2019Imprimerie de Malesherbes et soir\u00e9e au bar \u00c9ph\u00e9m\u00e8re de Recloses<\/em><br \/>RV \u00e0 14h45 au mus\u00e9e, 70 avenues du G\u00e9n\u00e9ral-Patton 45300 Malesherbes avec Chantal Huguet. Pour co-voiturage et informations sms ou tel au 06 13 90 92 17. Entr\u00e9e du Mus\u00e9e 12\u20ac. S\u2019inscrire avant le 5 ao\u00fbt sur le site.<\/p>\n\n\n\n<p class=\"has-link-color has-medium-font-size wp-elements-5486cfcb8aac57f99475ce7085a33c7b\"><strong>Jeudi 21 ao\u00fbt :<\/strong> <em>Balade multilingue en boucle et en cercle de lectures sur le chemin<\/em> <em>des peintres<\/em>, en fran\u00e7ais, italien et en anglais, et un pique-nique<br \/>\u00ab D\u00e9jeuner sur l\u2019herbe \u00bb o\u00f9 nous serons \u00e9l\u00e9gants sur la photo !!!!<br \/>RV avec Rosalie et Ian \u00e0 9 h 30 devant la mairie de Barbizon. Apportez votre pique-nique et l\u2019association offrira le rafraichissement.<\/p>\n\n\n\n<p class=\"has-link-color has-medium-font-size wp-elements-6d701c0d3ef733cde9c450adc0f47b48\"><strong>Jeudi 28 ao\u00fbt :<\/strong> <em>Des \u00e9tangs de Grez au Tacot des lacs<\/em><br \/>RV \u00e0 9h30 sur le parking des \u00e9tangs de Grez-sur-Loing.<br \/>Balade puis pique-nique sous un barnum au Tacot des lacs. Petit tour en train et visite du mus\u00e9e. (12\u20ac.) avec Isolde Duvaud.<\/p>\n","protected":false},"excerpt":{"rendered":"<p>Ces randonn\u00e9es-balades sont &nbsp;gratuites et&nbsp; ouvertes \u00e0 toutes et tous.&nbsp; Cette ann\u00e9e, il n&rsquo;y a pas d&rsquo;inscription obligatoire mais nous aimerions n\u00e9anmoins que vous nous envoyiez un court e-mail \u00e0 l&rsquo;adresse inscription@stevenson-fontainebleau.fr&nbsp; avec le nombre de participants. Programme des randonn\u00e9es- balades et d\u00e9couvertes pour en savoir plus: Cliquez ICI gazette-17 Jeudi 3 juillet : Une &hellip; <a href=\"https:\/\/stevenson-fontainebleau.fr\/2026\/03\/24\/assemblee-generale-dimanche-29-mars\/evenements-en-cours\/programme-des-activites-2025\/les-randos-du-jeudi-de-stevenson-juillet-aout-2025\/\" class=\"more-link\">Continuer la lecture de <span class=\"screen-reader-text\">Les randos du jeudi de Stevenson Juillet-Ao\u00fbt 2025<\/span>  <span class=\"meta-nav\">&rarr;<\/span><\/a><\/p>\n","protected":false},"author":1,"featured_media":0,"parent":4709,"menu_order":75,"comment_status":"closed","ping_status":"closed","template":"","meta":{"footnotes":""},"class_list":["post-4881","page","type-page","status-publish","hentry"],"_links":{"self":[{"href":"https:\/\/stevenson-fontainebleau.fr\/2026\/03\/24\/assemblee-generale-dimanche-29-mars\/wp-json\/wp\/v2\/pages\/4881","targetHints":{"allow":["GET"]}}],"collection":[{"href":"https:\/\/stevenson-fontainebleau.fr\/2026\/03\/24\/assemblee-generale-dimanche-29-mars\/wp-json\/wp\/v2\/pages"}],"about":[{"href":"https:\/\/stevenson-fontainebleau.fr\/2026\/03\/24\/assemblee-generale-dimanche-29-mars\/wp-json\/wp\/v2\/types\/page"}],"author":[{"embeddable":true,"href":"https:\/\/stevenson-fontainebleau.fr\/2026\/03\/24\/assemblee-generale-dimanche-29-mars\/wp-json\/wp\/v2\/users\/1"}],"replies":[{"embeddable":true,"href":"https:\/\/stevenson-fontainebleau.fr\/2026\/03\/24\/assemblee-generale-dimanche-29-mars\/wp-json\/wp\/v2\/comments?post=4881"}],"version-history":[{"count":1,"href":"https:\/\/stevenson-fontainebleau.fr\/2026\/03\/24\/assemblee-generale-dimanche-29-mars\/wp-json\/wp\/v2\/pages\/4881\/revisions"}],"predecessor-version":[{"id":4882,"href":"https:\/\/stevenson-fontainebleau.fr\/2026\/03\/24\/assemblee-generale-dimanche-29-mars\/wp-json\/wp\/v2\/pages\/4881\/revisions\/4882"}],"up":[{"embeddable":true,"href":"https:\/\/stevenson-fontainebleau.fr\/2026\/03\/24\/assemblee-generale-dimanche-29-mars\/wp-json\/wp\/v2\/pages\/4709"}],"wp:attachment":[{"href":"https:\/\/stevenson-fontainebleau.fr\/2026\/03\/24\/assemblee-generale-dimanche-29-mars\/wp-json\/wp\/v2\/media?parent=4881"}],"curies":[{"name":"wp","href":"https:\/\/api.w.org\/{rel}","templated":true}]}}