{"id":4797,"date":"2025-06-16T09:17:48","date_gmt":"2025-06-16T08:17:48","guid":{"rendered":"https:\/\/stevenson-fontainebleau.fr\/?page_id=4797"},"modified":"2025-06-16T09:17:48","modified_gmt":"2025-06-16T08:17:48","slug":"cercle-de-lecture-avril-2025","status":"publish","type":"page","link":"https:\/\/stevenson-fontainebleau.fr\/2026\/03\/24\/assemblee-generale-dimanche-29-mars\/evenements-en-cours\/rosalit-stevenson-2025\/cercle-de-lecture-avril-2025\/","title":{"rendered":"cercle de lecture Avril 2025"},"content":{"rendered":"<h4>Un cercle de lecture fait pour les marcheurs de courte ou de longues distances ( et aussi pour les autres)<\/h4>\n<p>et c\u2019est bien de confirmer votre pr\u00e9sente par un texto \u00e0 Rosalie\u2026..<\/p>\n<p>Les chemins, il les a parcourus en large et en travers, de la Manche aux Pyr\u00e9n\u00e9es en passant par la Bourgogne sans compter l&rsquo;Irlande, l&rsquo;Islande et Saint-Jacques-de-Compostelle. Jean-Michel Dreux nous fait parcourir les sentiers en suivant un inventaire \u00e0 la Pr\u00e9vert astucieux, celui des \u00e9motions et des r\u00e9flexions que procure la marche. A la crois\u00e9e des chemins, la peur, le silence, l&rsquo;ombre ou les violences de la nature sont convoqu\u00e9s pour notre plus grand plaisir.<br \/>\nQuand on marche, seul, on laisse les pens\u00e9es se d\u00e9rouler au fil des pas. Le chemin devient le reflet de notre propre int\u00e9rieur. De pas en pas les anecdotes pimentent le r\u00e9cit pour le plus grand plaisir du lecteur.<\/p>\n<p>&nbsp;<\/p>\n<p style=\"text-align: center;\"><img loading=\"lazy\" decoding=\"async\" class=\"aligncenter wp-image-4770 size-full\" src=\"http:\/\/stevenson-fontainebleau.fr\/wp-content\/uploads\/2025\/03\/cercle-de-lecture-avril-25.png\" alt=\"\" width=\"573\" height=\"481\" srcset=\"https:\/\/stevenson-fontainebleau.fr\/wp-content\/uploads\/2025\/03\/cercle-de-lecture-avril-25.png 573w, https:\/\/stevenson-fontainebleau.fr\/wp-content\/uploads\/2025\/03\/cercle-de-lecture-avril-25-300x252.png 300w\" sizes=\"auto, (max-width: 573px) 100vw, 573px\" \/><\/p>\n","protected":false},"excerpt":{"rendered":"<p>Un cercle de lecture fait pour les marcheurs de courte ou de longues distances ( et aussi pour les autres) et c\u2019est bien de confirmer votre pr\u00e9sente par un texto \u00e0 Rosalie\u2026.. Les chemins, il les a parcourus en large et en travers, de la Manche aux Pyr\u00e9n\u00e9es en passant par la Bourgogne sans compter &hellip; <a href=\"https:\/\/stevenson-fontainebleau.fr\/2026\/03\/24\/assemblee-generale-dimanche-29-mars\/evenements-en-cours\/rosalit-stevenson-2025\/cercle-de-lecture-avril-2025\/\" class=\"more-link\">Continuer la lecture de <span class=\"screen-reader-text\">cercle de lecture Avril 2025<\/span>  <span class=\"meta-nav\">&rarr;<\/span><\/a><\/p>\n","protected":false},"author":1,"featured_media":0,"parent":4713,"menu_order":0,"comment_status":"closed","ping_status":"closed","template":"","meta":{"footnotes":""},"class_list":["post-4797","page","type-page","status-publish","hentry"],"_links":{"self":[{"href":"https:\/\/stevenson-fontainebleau.fr\/2026\/03\/24\/assemblee-generale-dimanche-29-mars\/wp-json\/wp\/v2\/pages\/4797","targetHints":{"allow":["GET"]}}],"collection":[{"href":"https:\/\/stevenson-fontainebleau.fr\/2026\/03\/24\/assemblee-generale-dimanche-29-mars\/wp-json\/wp\/v2\/pages"}],"about":[{"href":"https:\/\/stevenson-fontainebleau.fr\/2026\/03\/24\/assemblee-generale-dimanche-29-mars\/wp-json\/wp\/v2\/types\/page"}],"author":[{"embeddable":true,"href":"https:\/\/stevenson-fontainebleau.fr\/2026\/03\/24\/assemblee-generale-dimanche-29-mars\/wp-json\/wp\/v2\/users\/1"}],"replies":[{"embeddable":true,"href":"https:\/\/stevenson-fontainebleau.fr\/2026\/03\/24\/assemblee-generale-dimanche-29-mars\/wp-json\/wp\/v2\/comments?post=4797"}],"version-history":[{"count":1,"href":"https:\/\/stevenson-fontainebleau.fr\/2026\/03\/24\/assemblee-generale-dimanche-29-mars\/wp-json\/wp\/v2\/pages\/4797\/revisions"}],"predecessor-version":[{"id":4798,"href":"https:\/\/stevenson-fontainebleau.fr\/2026\/03\/24\/assemblee-generale-dimanche-29-mars\/wp-json\/wp\/v2\/pages\/4797\/revisions\/4798"}],"up":[{"embeddable":true,"href":"https:\/\/stevenson-fontainebleau.fr\/2026\/03\/24\/assemblee-generale-dimanche-29-mars\/wp-json\/wp\/v2\/pages\/4713"}],"wp:attachment":[{"href":"https:\/\/stevenson-fontainebleau.fr\/2026\/03\/24\/assemblee-generale-dimanche-29-mars\/wp-json\/wp\/v2\/media?parent=4797"}],"curies":[{"name":"wp","href":"https:\/\/api.w.org\/{rel}","templated":true}]}}