{"id":4716,"date":"2025-02-09T17:00:59","date_gmt":"2025-02-09T16:00:59","guid":{"rendered":"https:\/\/stevenson-fontainebleau.fr\/?page_id=4716"},"modified":"2025-02-09T17:01:26","modified_gmt":"2025-02-09T16:01:26","slug":"rosalitstevenson-jeudi-9-janvier-2025","status":"publish","type":"page","link":"https:\/\/stevenson-fontainebleau.fr\/2026\/03\/24\/assemblee-generale-dimanche-29-mars\/evenements-en-cours\/rosalit-stevenson-2025\/rosalitstevenson-jeudi-9-janvier-2025\/","title":{"rendered":"\u00ab ROSALITSTEVENSON \u00bb jeudi 9 janvier 2025"},"content":{"rendered":"<h4>Bonjour \u00e0 toutes et \u00e0 tous,<\/h4>\n<p>Notre prochain cercle de lecture anim\u00e9 par Rosalie aura lieu:<\/p>\n<p><strong>Quand:\u00a0<\/strong>Le Jeudi 9 janvier 2025 de 18 \u00e0 20 h<\/p>\n<p><em><strong>Ou:<\/strong> Maison des Compagnons, 2<\/em><em>6 rue de la cloche Fontainebleau.<\/em><\/p>\n<p><strong><br \/>\n<\/strong>!! Confirmez votre pr\u00e9sence \u00e0 Rosalie (06 65 69 87 12)\u2026<\/p>\n<p>Bien amicalement, Michel, Rosalie et l\u2019\u00e9quipe d\u2019animateurs de l\u2019association R.L. Stevenson de Barbizon \u00e0 Grez.<\/p>\n<p>&nbsp;<\/p>\n<p>&nbsp;<\/p>\n<p><a href=\"http:\/\/stevenson-fontainebleau.fr\/wp-content\/uploads\/2024\/12\/cercle-de-lecture-Janvier-2-2.png\"><img loading=\"lazy\" decoding=\"async\" class=\"size-full wp-image-4670 aligncenter\" src=\"http:\/\/stevenson-fontainebleau.fr\/wp-content\/uploads\/2024\/12\/cercle-de-lecture-Janvier-2-2.png\" alt=\"\" width=\"573\" height=\"480\" srcset=\"https:\/\/stevenson-fontainebleau.fr\/wp-content\/uploads\/2024\/12\/cercle-de-lecture-Janvier-2-2.png 573w, https:\/\/stevenson-fontainebleau.fr\/wp-content\/uploads\/2024\/12\/cercle-de-lecture-Janvier-2-2-300x251.png 300w\" sizes=\"auto, (max-width: 573px) 100vw, 573px\" \/><\/a><\/p>\n","protected":false},"excerpt":{"rendered":"<p>Bonjour \u00e0 toutes et \u00e0 tous, Notre prochain cercle de lecture anim\u00e9 par Rosalie aura lieu: Quand:\u00a0Le Jeudi 9 janvier 2025 de 18 \u00e0 20 h Ou: Maison des Compagnons, 26 rue de la cloche Fontainebleau. !! Confirmez votre pr\u00e9sence \u00e0 Rosalie (06 65 69 87 12)\u2026 Bien amicalement, Michel, Rosalie et l\u2019\u00e9quipe d\u2019animateurs de &hellip; <a href=\"https:\/\/stevenson-fontainebleau.fr\/2026\/03\/24\/assemblee-generale-dimanche-29-mars\/evenements-en-cours\/rosalit-stevenson-2025\/rosalitstevenson-jeudi-9-janvier-2025\/\" class=\"more-link\">Continuer la lecture de <span class=\"screen-reader-text\">\u00ab ROSALITSTEVENSON \u00bb jeudi 9 janvier 2025<\/span>  <span class=\"meta-nav\">&rarr;<\/span><\/a><\/p>\n","protected":false},"author":1,"featured_media":0,"parent":4713,"menu_order":0,"comment_status":"closed","ping_status":"closed","template":"","meta":{"footnotes":""},"class_list":["post-4716","page","type-page","status-publish","hentry"],"_links":{"self":[{"href":"https:\/\/stevenson-fontainebleau.fr\/2026\/03\/24\/assemblee-generale-dimanche-29-mars\/wp-json\/wp\/v2\/pages\/4716","targetHints":{"allow":["GET"]}}],"collection":[{"href":"https:\/\/stevenson-fontainebleau.fr\/2026\/03\/24\/assemblee-generale-dimanche-29-mars\/wp-json\/wp\/v2\/pages"}],"about":[{"href":"https:\/\/stevenson-fontainebleau.fr\/2026\/03\/24\/assemblee-generale-dimanche-29-mars\/wp-json\/wp\/v2\/types\/page"}],"author":[{"embeddable":true,"href":"https:\/\/stevenson-fontainebleau.fr\/2026\/03\/24\/assemblee-generale-dimanche-29-mars\/wp-json\/wp\/v2\/users\/1"}],"replies":[{"embeddable":true,"href":"https:\/\/stevenson-fontainebleau.fr\/2026\/03\/24\/assemblee-generale-dimanche-29-mars\/wp-json\/wp\/v2\/comments?post=4716"}],"version-history":[{"count":1,"href":"https:\/\/stevenson-fontainebleau.fr\/2026\/03\/24\/assemblee-generale-dimanche-29-mars\/wp-json\/wp\/v2\/pages\/4716\/revisions"}],"predecessor-version":[{"id":4717,"href":"https:\/\/stevenson-fontainebleau.fr\/2026\/03\/24\/assemblee-generale-dimanche-29-mars\/wp-json\/wp\/v2\/pages\/4716\/revisions\/4717"}],"up":[{"embeddable":true,"href":"https:\/\/stevenson-fontainebleau.fr\/2026\/03\/24\/assemblee-generale-dimanche-29-mars\/wp-json\/wp\/v2\/pages\/4713"}],"wp:attachment":[{"href":"https:\/\/stevenson-fontainebleau.fr\/2026\/03\/24\/assemblee-generale-dimanche-29-mars\/wp-json\/wp\/v2\/media?parent=4716"}],"curies":[{"name":"wp","href":"https:\/\/api.w.org\/{rel}","templated":true}]}}