{"id":4198,"date":"2024-03-12T18:25:23","date_gmt":"2024-03-12T17:25:23","guid":{"rendered":"https:\/\/stevenson-fontainebleau.fr\/?page_id=4198"},"modified":"2024-05-27T19:25:45","modified_gmt":"2024-05-27T18:25:45","slug":"rosalit-stevenson","status":"publish","type":"page","link":"https:\/\/stevenson-fontainebleau.fr\/2026\/03\/24\/assemblee-generale-dimanche-29-mars\/evenements-en-cours\/rosalit-stevenson\/rosalit-stevenson\/","title":{"rendered":"ROSALIT jeudi 7 mars"},"content":{"rendered":"<h3 style=\"text-align: center;\">Nombre limit\u00e9 de participants &#8211; confirmer votre pr\u00e9sence \u00e0 Rosalie<br \/>\n06 65 69 87 12 ( texto ou tel) ou <a href=\"mailto:mrosalie-ienna@hotmail.fr\">mrosalie-ienna@hotmail.fr<\/a><br \/>\nEt venez aussi avec les textes que vous aimez<\/h3>\n<p style=\"text-align: center;\"><a href=\"http:\/\/stevenson-fontainebleau.fr\/wp-content\/uploads\/2024\/02\/Rosalit5Mars24PNG.png\"><img loading=\"lazy\" decoding=\"async\" class=\" wp-image-4186 aligncenter\" src=\"http:\/\/stevenson-fontainebleau.fr\/wp-content\/uploads\/2024\/02\/Rosalit5Mars24PNG.png\" alt=\"\" width=\"862\" height=\"722\" srcset=\"https:\/\/stevenson-fontainebleau.fr\/wp-content\/uploads\/2024\/02\/Rosalit5Mars24PNG.png 573w, https:\/\/stevenson-fontainebleau.fr\/wp-content\/uploads\/2024\/02\/Rosalit5Mars24PNG-300x251.png 300w\" sizes=\"auto, (max-width: 862px) 100vw, 862px\" \/><\/a><\/p>\n","protected":false},"excerpt":{"rendered":"<p>Nombre limit\u00e9 de participants &#8211; confirmer votre pr\u00e9sence \u00e0 Rosalie 06 65 69 87 12 ( texto ou tel) ou mrosalie-ienna@hotmail.fr Et venez aussi avec les textes que vous aimez<\/p>\n","protected":false},"author":1,"featured_media":0,"parent":4323,"menu_order":49,"comment_status":"closed","ping_status":"closed","template":"","meta":{"footnotes":""},"class_list":["post-4198","page","type-page","status-publish","hentry"],"_links":{"self":[{"href":"https:\/\/stevenson-fontainebleau.fr\/2026\/03\/24\/assemblee-generale-dimanche-29-mars\/wp-json\/wp\/v2\/pages\/4198","targetHints":{"allow":["GET"]}}],"collection":[{"href":"https:\/\/stevenson-fontainebleau.fr\/2026\/03\/24\/assemblee-generale-dimanche-29-mars\/wp-json\/wp\/v2\/pages"}],"about":[{"href":"https:\/\/stevenson-fontainebleau.fr\/2026\/03\/24\/assemblee-generale-dimanche-29-mars\/wp-json\/wp\/v2\/types\/page"}],"author":[{"embeddable":true,"href":"https:\/\/stevenson-fontainebleau.fr\/2026\/03\/24\/assemblee-generale-dimanche-29-mars\/wp-json\/wp\/v2\/users\/1"}],"replies":[{"embeddable":true,"href":"https:\/\/stevenson-fontainebleau.fr\/2026\/03\/24\/assemblee-generale-dimanche-29-mars\/wp-json\/wp\/v2\/comments?post=4198"}],"version-history":[{"count":2,"href":"https:\/\/stevenson-fontainebleau.fr\/2026\/03\/24\/assemblee-generale-dimanche-29-mars\/wp-json\/wp\/v2\/pages\/4198\/revisions"}],"predecessor-version":[{"id":4330,"href":"https:\/\/stevenson-fontainebleau.fr\/2026\/03\/24\/assemblee-generale-dimanche-29-mars\/wp-json\/wp\/v2\/pages\/4198\/revisions\/4330"}],"up":[{"embeddable":true,"href":"https:\/\/stevenson-fontainebleau.fr\/2026\/03\/24\/assemblee-generale-dimanche-29-mars\/wp-json\/wp\/v2\/pages\/4323"}],"wp:attachment":[{"href":"https:\/\/stevenson-fontainebleau.fr\/2026\/03\/24\/assemblee-generale-dimanche-29-mars\/wp-json\/wp\/v2\/media?parent=4198"}],"curies":[{"name":"wp","href":"https:\/\/api.w.org\/{rel}","templated":true}]}}