{"id":4,"date":"2015-06-02T16:36:08","date_gmt":"2015-06-02T15:36:08","guid":{"rendered":"http:\/\/stevenson-fontainebleau.fr\/?page_id=4"},"modified":"2026-04-02T16:57:41","modified_gmt":"2026-04-02T15:57:41","slug":"accueil","status":"publish","type":"page","link":"https:\/\/stevenson-fontainebleau.fr\/2026\/03\/24\/assemblee-generale-dimanche-29-mars\/qui-sommes-nous\/accueil\/","title":{"rendered":"Qui sommes nous"},"content":{"rendered":"<figure id=\"attachment_835\" aria-describedby=\"caption-attachment-835\" style=\"width: 642px\" class=\"wp-caption aligncenter\"><img loading=\"lazy\" decoding=\"async\" class=\"wp-image-835 size-full\" src=\"http:\/\/stevenson-fontainebleau.fr\/wp-content\/uploads\/2016\/06\/cr\u00e9ation-rlsdbsg.png\" alt=\"Date de cr\u00e9ation de l'association\" width=\"642\" height=\"407\" srcset=\"https:\/\/stevenson-fontainebleau.fr\/wp-content\/uploads\/2016\/06\/cr\u00e9ation-rlsdbsg.png 642w, https:\/\/stevenson-fontainebleau.fr\/wp-content\/uploads\/2016\/06\/cr\u00e9ation-rlsdbsg-300x190.png 300w\" sizes=\"auto, (max-width: 642px) 100vw, 642px\" \/><figcaption id=\"caption-attachment-835\" class=\"wp-caption-text\">Date de cr\u00e9ation de l&rsquo;association<\/figcaption><\/figure>\n<p><strong>Historique<\/strong><br \/>\nL\u2019association Stevenson de Barbizon \u00e0 Grez a pour objectif de valoriser la pr\u00e9sence de Robert Louis Stevenson dans la r\u00e9gion entre\u00a01875 et 1878 au travers de son \u0153uvre litt\u00e9raire, notamment des ouvrages r\u00e9alis\u00e9s durant cette p\u00e9riode, et de sa vie au milieu des\u00a0colonies d\u2019artistes, plus particuli\u00e8rement \u00e0 Barbizon et \u00e0 Grez sur Loing.<\/p>\n<p><strong>Missions<\/strong><br \/>\nPour cela, l\u2019association a pour missions de promouvoir le tourisme vert \u00e0 l\u2019instar de R.L. Stevenson, autour, entre autres du Sentier R.L. Stevenson en for\u00eat de Fontainebleau et de d\u00e9velopper et de soutenir les \u00e9tudes et recherches relatives \u00e0 la pr\u00e9sence et \u00e0 l&rsquo;\u0153uvre de\u00a0R.L. Stevenson.<br \/>\nUn itin\u00e9raire de randonn\u00e9e \u00ab Robert Louis Stevenson en for\u00eat de Fontainebleau de Barbizon \u00e0 Grez \u00bb a \u00e9t\u00e9 trac\u00e9. Un livret du\u00a0randonneur est \u00e0 disposition dans les offices de tourisme et, sur demande, \u00e0 l&rsquo;association.<br \/>\nL\u2019association organise r\u00e9guli\u00e8rement des rencontres litt\u00e9raires, des expositions, des conf\u00e9rences et des visites. Avec l\u2019association\u00a0Artistes du bout du monde, elle dispose d\u2019un grand nombre de publications sur Robert Louis Stevenson.<br \/>\nChaque ann\u00e9e, elle organise un \u00e9v\u00e8nement (randonn\u00e9e, lectures de textes de Stevenson, salon du livre, animations), le 3e dimanche\u00a0d&rsquo;octobre, pour c\u00e9l\u00e9brer le passage de Stevenson dans la r\u00e9gion.<\/p>\n<p><strong>Conclusion<\/strong><br \/>\nNous sommes maintenant membre de la F\u00e9d\u00e9ration fran\u00e7aise des itin\u00e9raires culturels europ\u00e9ens \u00e0 cot\u00e9 des chemins de Compostelle, des sites clunisiens, au total, 11 grands chemins qui traversent la France.<\/p>\n<hr \/>\n<h6>Le r\u00e9seau europ\u00e9en Stevenson, auquel notre association appartient, a \u00e9t\u00e9 reconnu \u00ab Itin\u00e9raire Culturel du Conseil de l\u2019Europe \u00bb<\/h6>\n<p>Cette reconnaissance europ\u00e9enne est une nouvelle \u00e9tape pour le r\u00e9seau europ\u00e9en et tous les territoires parcourus par Robert Louis Stevenson !<\/p>\n<p><a href=\"https:\/\/www.rlstevenson-europe.org\/\" target=\"_blank\" rel=\"noopener\">Plus d&rsquo;infos en cliquant ici !<\/a><\/p>\n<p><img loading=\"lazy\" decoding=\"async\" class=\"alignnone wp-image-163\" src=\"http:\/\/stevenson-fontainebleau.fr\/wp-content\/uploads\/2015\/08\/Logo_RLS_Europe_ICE-sans-cadre.jpg\" alt=\"encart\" width=\"313\" height=\"72\" srcset=\"https:\/\/stevenson-fontainebleau.fr\/wp-content\/uploads\/2015\/08\/Logo_RLS_Europe_ICE-sans-cadre.jpg 1401w, https:\/\/stevenson-fontainebleau.fr\/wp-content\/uploads\/2015\/08\/Logo_RLS_Europe_ICE-sans-cadre-300x69.jpg 300w, https:\/\/stevenson-fontainebleau.fr\/wp-content\/uploads\/2015\/08\/Logo_RLS_Europe_ICE-sans-cadre-1024x236.jpg 1024w\" sizes=\"auto, (max-width: 313px) 100vw, 313px\" \/><\/p>\n<p>&nbsp;<\/p>\n","protected":false},"excerpt":{"rendered":"<p>Historique L\u2019association Stevenson de Barbizon \u00e0 Grez a pour objectif de valoriser la pr\u00e9sence de Robert Louis Stevenson dans la r\u00e9gion entre\u00a01875 et 1878 au travers de son \u0153uvre litt\u00e9raire, notamment des ouvrages r\u00e9alis\u00e9s durant cette p\u00e9riode, et de sa vie au milieu des\u00a0colonies d\u2019artistes, plus particuli\u00e8rement \u00e0 Barbizon et \u00e0 Grez sur Loing. Missions &hellip; <a href=\"https:\/\/stevenson-fontainebleau.fr\/2026\/03\/24\/assemblee-generale-dimanche-29-mars\/qui-sommes-nous\/accueil\/\" class=\"more-link\">Continuer la lecture de <span class=\"screen-reader-text\">Qui sommes nous<\/span>  <span class=\"meta-nav\">&rarr;<\/span><\/a><\/p>\n","protected":false},"author":1,"featured_media":0,"parent":470,"menu_order":10,"comment_status":"closed","ping_status":"closed","template":"","meta":{"footnotes":""},"class_list":["post-4","page","type-page","status-publish","hentry"],"_links":{"self":[{"href":"https:\/\/stevenson-fontainebleau.fr\/2026\/03\/24\/assemblee-generale-dimanche-29-mars\/wp-json\/wp\/v2\/pages\/4","targetHints":{"allow":["GET"]}}],"collection":[{"href":"https:\/\/stevenson-fontainebleau.fr\/2026\/03\/24\/assemblee-generale-dimanche-29-mars\/wp-json\/wp\/v2\/pages"}],"about":[{"href":"https:\/\/stevenson-fontainebleau.fr\/2026\/03\/24\/assemblee-generale-dimanche-29-mars\/wp-json\/wp\/v2\/types\/page"}],"author":[{"embeddable":true,"href":"https:\/\/stevenson-fontainebleau.fr\/2026\/03\/24\/assemblee-generale-dimanche-29-mars\/wp-json\/wp\/v2\/users\/1"}],"replies":[{"embeddable":true,"href":"https:\/\/stevenson-fontainebleau.fr\/2026\/03\/24\/assemblee-generale-dimanche-29-mars\/wp-json\/wp\/v2\/comments?post=4"}],"version-history":[{"count":19,"href":"https:\/\/stevenson-fontainebleau.fr\/2026\/03\/24\/assemblee-generale-dimanche-29-mars\/wp-json\/wp\/v2\/pages\/4\/revisions"}],"predecessor-version":[{"id":5147,"href":"https:\/\/stevenson-fontainebleau.fr\/2026\/03\/24\/assemblee-generale-dimanche-29-mars\/wp-json\/wp\/v2\/pages\/4\/revisions\/5147"}],"up":[{"embeddable":true,"href":"https:\/\/stevenson-fontainebleau.fr\/2026\/03\/24\/assemblee-generale-dimanche-29-mars\/wp-json\/wp\/v2\/pages\/470"}],"wp:attachment":[{"href":"https:\/\/stevenson-fontainebleau.fr\/2026\/03\/24\/assemblee-generale-dimanche-29-mars\/wp-json\/wp\/v2\/media?parent=4"}],"curies":[{"name":"wp","href":"https:\/\/api.w.org\/{rel}","templated":true}]}}