{"id":3970,"date":"2023-08-04T10:28:02","date_gmt":"2023-08-04T09:28:02","guid":{"rendered":"https:\/\/stevenson-fontainebleau.fr\/?page_id=3970"},"modified":"2023-10-29T11:54:49","modified_gmt":"2023-10-29T10:54:49","slug":"cercle-de-lectures-saison-2023","status":"publish","type":"page","link":"https:\/\/stevenson-fontainebleau.fr\/2026\/03\/24\/assemblee-generale-dimanche-29-mars\/evenements-en-cours\/evenement-2023\/cercle-de-lectures-saison-2023\/","title":{"rendered":"Cercle de Lectures &#8211; saison 2023"},"content":{"rendered":"<ul>\n<li>Notre saison du Cercle de Lecture continue avec Rosalie, voici deux dates \u00e0 vos agendas &#8211; jeudi 11 mai et jeudi 15 juin.Ci-joint vous trouverez l&rsquo;annonce.Le nombre de participants est limit\u00e9 &#8211; merci de confirmer votre pr\u00e9sence \u00e0 Rosalie, 06 65 69 87 12 ( texto ou tel) ou <a href=\"http:\/\/mrosalie-ienna@hotmail\">mrosalie-ienna@hotmail <\/a>.<a href=\"http:\/\/stevenson-fontainebleau.fr\/wp-content\/uploads\/2023\/05\/RLSdBaG-cercle-lecture-mai-juin-2023-rotated.jpg\"><img loading=\"lazy\" decoding=\"async\" class=\"alignnone wp-image-3758\" src=\"http:\/\/stevenson-fontainebleau.fr\/wp-content\/uploads\/2023\/05\/RLSdBaG-cercle-lecture-mai-juin-2023-rotated.jpg\" alt=\"\" width=\"886\" height=\"685\" srcset=\"https:\/\/stevenson-fontainebleau.fr\/wp-content\/uploads\/2023\/05\/RLSdBaG-cercle-lecture-mai-juin-2023-rotated.jpg 1650w, https:\/\/stevenson-fontainebleau.fr\/wp-content\/uploads\/2023\/05\/RLSdBaG-cercle-lecture-mai-juin-2023-300x232.jpg 300w, https:\/\/stevenson-fontainebleau.fr\/wp-content\/uploads\/2023\/05\/RLSdBaG-cercle-lecture-mai-juin-2023-1024x791.jpg 1024w, https:\/\/stevenson-fontainebleau.fr\/wp-content\/uploads\/2023\/05\/RLSdBaG-cercle-lecture-mai-juin-2023-768x593.jpg 768w, https:\/\/stevenson-fontainebleau.fr\/wp-content\/uploads\/2023\/05\/RLSdBaG-cercle-lecture-mai-juin-2023-1536x1187.jpg 1536w\" sizes=\"auto, (max-width: 886px) 100vw, 886px\" \/><\/a><\/li>\n<\/ul>\n","protected":false},"excerpt":{"rendered":"<p>Notre saison du Cercle de Lecture continue avec Rosalie, voici deux dates \u00e0 vos agendas &#8211; jeudi 11 mai et jeudi 15 juin.Ci-joint vous trouverez l&rsquo;annonce.Le nombre de participants est limit\u00e9 &#8211; merci de confirmer votre pr\u00e9sence \u00e0 Rosalie, 06 65 69 87 12 ( texto ou tel) ou mrosalie-ienna@hotmail .<\/p>\n","protected":false},"author":1,"featured_media":0,"parent":3851,"menu_order":10,"comment_status":"closed","ping_status":"closed","template":"","meta":{"footnotes":""},"class_list":["post-3970","page","type-page","status-publish","hentry"],"_links":{"self":[{"href":"https:\/\/stevenson-fontainebleau.fr\/2026\/03\/24\/assemblee-generale-dimanche-29-mars\/wp-json\/wp\/v2\/pages\/3970","targetHints":{"allow":["GET"]}}],"collection":[{"href":"https:\/\/stevenson-fontainebleau.fr\/2026\/03\/24\/assemblee-generale-dimanche-29-mars\/wp-json\/wp\/v2\/pages"}],"about":[{"href":"https:\/\/stevenson-fontainebleau.fr\/2026\/03\/24\/assemblee-generale-dimanche-29-mars\/wp-json\/wp\/v2\/types\/page"}],"author":[{"embeddable":true,"href":"https:\/\/stevenson-fontainebleau.fr\/2026\/03\/24\/assemblee-generale-dimanche-29-mars\/wp-json\/wp\/v2\/users\/1"}],"replies":[{"embeddable":true,"href":"https:\/\/stevenson-fontainebleau.fr\/2026\/03\/24\/assemblee-generale-dimanche-29-mars\/wp-json\/wp\/v2\/comments?post=3970"}],"version-history":[{"count":2,"href":"https:\/\/stevenson-fontainebleau.fr\/2026\/03\/24\/assemblee-generale-dimanche-29-mars\/wp-json\/wp\/v2\/pages\/3970\/revisions"}],"predecessor-version":[{"id":3972,"href":"https:\/\/stevenson-fontainebleau.fr\/2026\/03\/24\/assemblee-generale-dimanche-29-mars\/wp-json\/wp\/v2\/pages\/3970\/revisions\/3972"}],"up":[{"embeddable":true,"href":"https:\/\/stevenson-fontainebleau.fr\/2026\/03\/24\/assemblee-generale-dimanche-29-mars\/wp-json\/wp\/v2\/pages\/3851"}],"wp:attachment":[{"href":"https:\/\/stevenson-fontainebleau.fr\/2026\/03\/24\/assemblee-generale-dimanche-29-mars\/wp-json\/wp\/v2\/media?parent=3970"}],"curies":[{"name":"wp","href":"https:\/\/api.w.org\/{rel}","templated":true}]}}