{"id":3910,"date":"2023-08-02T14:02:37","date_gmt":"2023-08-02T13:02:37","guid":{"rendered":"https:\/\/stevenson-fontainebleau.fr\/?page_id=3910"},"modified":"2023-08-02T14:05:46","modified_gmt":"2023-08-02T13:05:46","slug":"1878-2018-un-anniversaire","status":"publish","type":"page","link":"https:\/\/stevenson-fontainebleau.fr\/2026\/03\/24\/assemblee-generale-dimanche-29-mars\/rl-stevenson\/1878-2018-un-anniversaire\/","title":{"rendered":"1878 \u2013 2018 : UN ANNIVERSAIRE"},"content":{"rendered":"<h1 style=\"text-align: center;\">1878 \u2013 2018 : Un anniversaire de 140 ans \u00e0 f\u00eater dans les C\u00e9vennes<\/h1>\n<p style=\"padding-left: 30px;\">Le nouveau pr\u00e9sident de l&rsquo;association \u00ab\u00a0Sur le Chemin de Robert Louis Stevenson\u00a0\u00bb, Hubert PFISTER et le conseil d&rsquo;administration ont le plaisir d&rsquo;annoncer les animations pr\u00e9vues en 2018 sur le Chemin de Stevenson dans les C\u00e9vennes.<\/p>\n<h5 style=\"text-align: center;\">Voyages avec un \u00c2ne dans les C\u00e9vennes.<\/h5>\n<p>&nbsp;<\/p>\n<p style=\"padding-left: 30px;\">La principale manifestation sera La Caravane des \u00c2nes qui partira du Puy-en-Velay le samedi 22 septembre pour arriver \u00e0 Al\u00e8s le dimanche 7 octobre ( Le GR 70 Chemin de Stevenson)<\/p>\n<p style=\"padding-left: 30px;\">Vous trouverez les d\u00e9tails en cliquant sur le lien ci-dessous.<\/p>\n<p style=\"padding-left: 30px;\"><a href=\"https:\/\/www.chemin-stevenson.org\/\" target=\"_blank\" rel=\"noopener\">https:\/\/www.chemin-stevenson.org\/<\/a><\/p>\n<p style=\"padding-left: 30px;\">Pour ceux qui sont int\u00e9ress\u00e9s \u00e0 d\u00e9couvrir la r\u00e9gion du Monastier-sur-Gazeille et Le Puy-en-Velay fin septembre,Janet Darne vous proposera un petit s\u00e9jour cl\u00e9s en main, tous frais compris sauf le co\u00fbt de votre transport jusqu&rsquo;\u00e0 l&rsquo;a\u00e9roport ou la gare de Lyon.<\/p>\n<p style=\"padding-left: 30px;\">Plus de d\u00e9tails plus tard.<\/p>\n<p style=\"padding-left: 30px;\"><span style=\"color: #000080;\">The new chairman of the association \u00ab\u00a0Sur le Chemin de Robert Louis Stevenson dans les C\u00e9vennes\u00a0\u00bb and the board of directors are pleased to announce the<\/span><\/p>\n<p style=\"padding-left: 30px;\"><span style=\"color: #000080;\"><strong>Forthcoming celebrations in 2018 of the 140th anniversary of Stevenson&rsquo;s historic journey !<\/strong><\/span><\/p>\n<h4 style=\"text-align: center; padding-left: 30px;\"><span style=\"color: #000080;\"><em>\u00a0 \u00a0 \u00a0 \u00a0 Travels with a donkey in the C\u00e9vennes\u00a0<\/em><\/span><\/h4>\n<p style=\"padding-left: 30px;\"><span style=\"color: #000080;\">The main event will be the Donkey Caravan which will leave Le Puy-en-Velay Saturday 22 September and arrive in Al\u00e8s Sunday 7 October (GR 70 Stevenson Path).You will find all the details of events through the above link to the website of the association.<\/span><\/p>\n<p style=\"padding-left: 30px;\"><span style=\"color: #000080;\"><a style=\"color: #000080;\" href=\"https:\/\/www.chemin-stevenson.org\/\" target=\"_blank\" rel=\"noopener\"><span style=\"color: #339966;\">https:\/\/www.chemin-stevenson.org\/<\/span><\/a><\/span><\/p>\n<p style=\"padding-left: 30px;\"><span style=\"color: #000080;\">For those who are interested, Janet Darne will be organising a trip to this area of France &#8211; Auvergne, Haute-Loire- Le Puy-en-Velay-Le Monastier-sur-Gazeille <\/span><span style=\"color: #000080;\">at the end of September. All costs will be included in the price except your transport to Lyon airport or station.<\/span><\/p>\n<p style=\"padding-left: 30px;\"><span style=\"color: #000080;\">More news later.<\/span><\/p>\n<p>&nbsp;<\/p>\n<p>&nbsp;<\/p>\n","protected":false},"excerpt":{"rendered":"<p>1878 \u2013 2018 : Un anniversaire de 140 ans \u00e0 f\u00eater dans les C\u00e9vennes Le nouveau pr\u00e9sident de l&rsquo;association \u00ab\u00a0Sur le Chemin de Robert Louis Stevenson\u00a0\u00bb, Hubert PFISTER et le conseil d&rsquo;administration ont le plaisir d&rsquo;annoncer les animations pr\u00e9vues en 2018 sur le Chemin de Stevenson dans les C\u00e9vennes. Voyages avec un \u00c2ne dans les &hellip; <a href=\"https:\/\/stevenson-fontainebleau.fr\/2026\/03\/24\/assemblee-generale-dimanche-29-mars\/rl-stevenson\/1878-2018-un-anniversaire\/\" class=\"more-link\">Continuer la lecture de <span class=\"screen-reader-text\">1878 \u2013 2018 : UN ANNIVERSAIRE<\/span>  <span class=\"meta-nav\">&rarr;<\/span><\/a><\/p>\n","protected":false},"author":1,"featured_media":0,"parent":44,"menu_order":8,"comment_status":"closed","ping_status":"closed","template":"","meta":{"footnotes":""},"class_list":["post-3910","page","type-page","status-publish","hentry"],"_links":{"self":[{"href":"https:\/\/stevenson-fontainebleau.fr\/2026\/03\/24\/assemblee-generale-dimanche-29-mars\/wp-json\/wp\/v2\/pages\/3910","targetHints":{"allow":["GET"]}}],"collection":[{"href":"https:\/\/stevenson-fontainebleau.fr\/2026\/03\/24\/assemblee-generale-dimanche-29-mars\/wp-json\/wp\/v2\/pages"}],"about":[{"href":"https:\/\/stevenson-fontainebleau.fr\/2026\/03\/24\/assemblee-generale-dimanche-29-mars\/wp-json\/wp\/v2\/types\/page"}],"author":[{"embeddable":true,"href":"https:\/\/stevenson-fontainebleau.fr\/2026\/03\/24\/assemblee-generale-dimanche-29-mars\/wp-json\/wp\/v2\/users\/1"}],"replies":[{"embeddable":true,"href":"https:\/\/stevenson-fontainebleau.fr\/2026\/03\/24\/assemblee-generale-dimanche-29-mars\/wp-json\/wp\/v2\/comments?post=3910"}],"version-history":[{"count":1,"href":"https:\/\/stevenson-fontainebleau.fr\/2026\/03\/24\/assemblee-generale-dimanche-29-mars\/wp-json\/wp\/v2\/pages\/3910\/revisions"}],"predecessor-version":[{"id":3911,"href":"https:\/\/stevenson-fontainebleau.fr\/2026\/03\/24\/assemblee-generale-dimanche-29-mars\/wp-json\/wp\/v2\/pages\/3910\/revisions\/3911"}],"up":[{"embeddable":true,"href":"https:\/\/stevenson-fontainebleau.fr\/2026\/03\/24\/assemblee-generale-dimanche-29-mars\/wp-json\/wp\/v2\/pages\/44"}],"wp:attachment":[{"href":"https:\/\/stevenson-fontainebleau.fr\/2026\/03\/24\/assemblee-generale-dimanche-29-mars\/wp-json\/wp\/v2\/media?parent=3910"}],"curies":[{"name":"wp","href":"https:\/\/api.w.org\/{rel}","templated":true}]}}