{"id":3871,"date":"2023-08-02T11:47:01","date_gmt":"2023-08-02T10:47:01","guid":{"rendered":"https:\/\/stevenson-fontainebleau.fr\/?page_id=3871"},"modified":"2023-08-02T13:25:30","modified_gmt":"2023-08-02T12:25:30","slug":"rando-nocturne-et-musicale","status":"publish","type":"page","link":"https:\/\/stevenson-fontainebleau.fr\/2026\/03\/24\/assemblee-generale-dimanche-29-mars\/evenements-en-cours\/programme-des-activites-2022\/rando-nocturne-et-musicale\/","title":{"rendered":"Rando nocturne et musicale"},"content":{"rendered":"<p>&nbsp;<\/p>\n<p style=\"text-align: center;\"><a href=\"http:\/\/stevenson-fontainebleau.fr\/wp-content\/uploads\/2022\/06\/j-rls.jpg\"><img loading=\"lazy\" decoding=\"async\" src=\"http:\/\/stevenson-fontainebleau.fr\/wp-content\/uploads\/2022\/06\/j-rls-300x59.jpg\" alt=\"\" width=\"300\" height=\"59\" \/><\/a><\/p>\n<p>\u00a0<span style=\"color: #999999;\"><em>Chaque semaine, une rando promenade, gratuite, \u00e0 un rythme doux, seul\u00a0 <\/em><\/span><span style=\"color: #999999;\"><em>ou en famille, pour regarder, sentir, s\u2019<\/em><\/span><span style=\"color: #999999;\"><em><span style=\"color: #999999;\">\u00e9couter, se parler, ensemble.\u00a0 \u00a0 \u00a0 \u00a0 \u00a0 \u00a0 \u00a0 \u00a0 \u00a0 \u00a0 \u00a0 \u00a0 \u00a0 \u00a0 \u00a0 \u00a0 \u00a0 \u00a0 \u00a0 \u00a0 \u00a0 \u00a0 \u00a0 \u00a0 \u00a0 \u00a0 \u00a0 \u00a0 \u00a0 \u00a0 \u00a0 \u00a0 \u00a0 \u00a0 \u00a0 \u00a0 \u00a0 \u00a0 \u00a0 \u00a0 \u00a0 \u00a0 \u00a0 \u00a0 \u00a0 \u00a0 \u00a0 \u00a0 \u00a0 \u00a0 \u00a0 \u00a0 \u00a0 \u00a0 \u00a0 \u00a0 \u00a0 \u00a0 \u00a0 \u00a0 \u00a0 \u00a0 \u00a0 \u00a0 \u00a0 \u00a0 \u00a0 \u00a0 \u00a0 \u00a0 \u00a0 \u00a0 \u00a0 \u00a0 \u00a0 \u00a0 \u00a0 \u00a0 \u00a0 \u00a0 \u00a0 \u00a0 \u00a0 \u00a0 \u00a0 \u00a0 \u00a0 \u00a0 \u00a0 \u00a0 \u00a0 \u00a0 \u00a0 \u00a0 \u00a0 \u00a0 \u00a0 \u00a0 \u00a0 \u00a0 \u00a0 \u00a0 \u00a0 \u00a0 \u00a0 \u00a0 \u00a0 \u00a0 \u00a0 \u00a0VENEZ NOMBREUX.<\/span><\/em><\/span><\/p>\n<h2><span style=\"color: #808080;\"><strong><em>et bien non cette fois ce sera le samedi.<\/em><\/strong><\/span><\/h2>\n<p>Randonn\u00e9e semi nocturne et musicale le<span style=\"color: #808080;\"> <em><strong>samedi 23 juillet 2022<\/strong><\/em> <\/span>dans la for\u00eat de Larchant.<\/p>\n<p>Rendez vous \u00e0 18 h. 30 au parking \u00e0 proximit\u00e9 de l\u2019auberge de la Dame Jouanne \u2013 gps : 48.303351 , 2.599124<\/p>\n<p>Randonn\u00e9e de 6 kilom\u00e8tres avec \u00e9tapes musicales et repas tir\u00e9 du sac en for\u00eat.<\/p>\n<p>Merci de vous \u00e9quiper d\u2019une bonne paire de chaussure de marche d\u2019une lotion anti-moustique et d\u2019une lampe (il risque de faire un petit peu sombre en fin de randonn\u00e9e).<\/p>\n<p>&nbsp;<\/p>\n<p>&nbsp;<\/p>\n<h6><em>Pour plus d&rsquo;informations nous \u00e9crire\u00a0dans la zone :<\/em><\/h6>\n<h6 id=\"reply-title\" class=\"comment-reply-title\"><em>LAISSER UN COMMENTAIRE<\/em><\/h6>\n<h6><\/h6>\n","protected":false},"excerpt":{"rendered":"<p>&nbsp; \u00a0Chaque semaine, une rando promenade, gratuite, \u00e0 un rythme doux, seul\u00a0 ou en famille, pour regarder, sentir, s\u2019\u00e9couter, se parler, ensemble.\u00a0 \u00a0 \u00a0 \u00a0 \u00a0 \u00a0 \u00a0 \u00a0 \u00a0 \u00a0 \u00a0 \u00a0 \u00a0 \u00a0 \u00a0 \u00a0 \u00a0 \u00a0 \u00a0 \u00a0 \u00a0 \u00a0 \u00a0 \u00a0 \u00a0 \u00a0 \u00a0 \u00a0 \u00a0 \u00a0 \u00a0 \u00a0 \u00a0 \u00a0 &hellip; <a href=\"https:\/\/stevenson-fontainebleau.fr\/2026\/03\/24\/assemblee-generale-dimanche-29-mars\/evenements-en-cours\/programme-des-activites-2022\/rando-nocturne-et-musicale\/\" class=\"more-link\">Continuer la lecture de <span class=\"screen-reader-text\">Rando nocturne et musicale<\/span>  <span class=\"meta-nav\">&rarr;<\/span><\/a><\/p>\n","protected":false},"author":1,"featured_media":0,"parent":3572,"menu_order":7,"comment_status":"closed","ping_status":"closed","template":"","meta":{"footnotes":""},"class_list":["post-3871","page","type-page","status-publish","hentry"],"_links":{"self":[{"href":"https:\/\/stevenson-fontainebleau.fr\/2026\/03\/24\/assemblee-generale-dimanche-29-mars\/wp-json\/wp\/v2\/pages\/3871","targetHints":{"allow":["GET"]}}],"collection":[{"href":"https:\/\/stevenson-fontainebleau.fr\/2026\/03\/24\/assemblee-generale-dimanche-29-mars\/wp-json\/wp\/v2\/pages"}],"about":[{"href":"https:\/\/stevenson-fontainebleau.fr\/2026\/03\/24\/assemblee-generale-dimanche-29-mars\/wp-json\/wp\/v2\/types\/page"}],"author":[{"embeddable":true,"href":"https:\/\/stevenson-fontainebleau.fr\/2026\/03\/24\/assemblee-generale-dimanche-29-mars\/wp-json\/wp\/v2\/users\/1"}],"replies":[{"embeddable":true,"href":"https:\/\/stevenson-fontainebleau.fr\/2026\/03\/24\/assemblee-generale-dimanche-29-mars\/wp-json\/wp\/v2\/comments?post=3871"}],"version-history":[{"count":1,"href":"https:\/\/stevenson-fontainebleau.fr\/2026\/03\/24\/assemblee-generale-dimanche-29-mars\/wp-json\/wp\/v2\/pages\/3871\/revisions"}],"predecessor-version":[{"id":3872,"href":"https:\/\/stevenson-fontainebleau.fr\/2026\/03\/24\/assemblee-generale-dimanche-29-mars\/wp-json\/wp\/v2\/pages\/3871\/revisions\/3872"}],"up":[{"embeddable":true,"href":"https:\/\/stevenson-fontainebleau.fr\/2026\/03\/24\/assemblee-generale-dimanche-29-mars\/wp-json\/wp\/v2\/pages\/3572"}],"wp:attachment":[{"href":"https:\/\/stevenson-fontainebleau.fr\/2026\/03\/24\/assemblee-generale-dimanche-29-mars\/wp-json\/wp\/v2\/media?parent=3871"}],"curies":[{"name":"wp","href":"https:\/\/api.w.org\/{rel}","templated":true}]}}