{"id":3864,"date":"2023-08-01T17:14:31","date_gmt":"2023-08-01T16:14:31","guid":{"rendered":"https:\/\/stevenson-fontainebleau.fr\/?page_id=3864"},"modified":"2023-08-01T17:14:31","modified_gmt":"2023-08-01T16:14:31","slug":"randonee-pedestre-les-3-jours-en-mai-avec-stevenson","status":"publish","type":"page","link":"https:\/\/stevenson-fontainebleau.fr\/2026\/03\/24\/assemblee-generale-dimanche-29-mars\/evenements-en-cours\/programme-des-activites-2022\/randonee-pedestre-les-3-jours-en-mai-avec-stevenson-23-24-25-mai-2022\/randonee-pedestre-les-3-jours-en-mai-avec-stevenson\/","title":{"rendered":"RANDON\u00c9E P\u00c9DESTRE \u00ab LES 3 JOURS EN MAI AVEC STEVENSON \u00bb"},"content":{"rendered":"<p>De Nemours \u00e0 Ferri\u00e8res en s&rsquo;arr\u00eatant \u00e0 Ch\u00e2teau-Landon, une vingtaine de randonneurs sur le chemin Stevenson les 24 et 25 mai 2022.<\/p>\n<p>L\u2019an prochain, c\u2019est promis, la randonn\u00e9e ira jusqu\u2019\u00e0 Ch\u00e2tillon-sur-Loire. Un grand merci pour l&rsquo;accueil et la participation de toutes et tous&#8230;.<\/p>\n<p><strong>A Ch\u00e2teau-Landon, sur le chemin de Stevenson,<\/strong><\/p>\n<p><strong>\u00a0<\/strong>A partir de 1875, Robert Louis Stevenson qui n\u2019est pas encore devenu le c\u00e9l\u00e8bre \u00e9crivain de \u00a0\u00ab\u00a0<em>l\u2019\u00eele au Tr\u00e9sor\u00a0<\/em>\u00bb et du fameux \u00ab\u00a0<em>Docteur Jekyll et de\u00a0Mr Hyde<\/em> \u00bb quitte fr\u00e9quemment son Ecosse natale pour des s\u00e9jours en France et, tout particuli\u00e8rement dans le G\u00e2tinais. De Barbizon, rejoint Grez-sur-Loing\u00a0 o\u00f9 il rencontre Fanny, l\u2019amour de sa vie. Passionn\u00e9 de voyage, il s\u2019engage dans une longue marche de Grez jusqu\u2019\u00e0 Ch\u00e2tillon-sur-Loire en passant par Nargis, Fontenay, Montargis, Ch\u00e2tillon-Coligny , Rogny-les-Sept \u00c9cluses, Ouzouer-sur-Tr\u00e9z\u00e9e et Briare. Son passage \u00e0 Ch\u00e2teau-Landon lui inspira \u00ab <em>La porte du sire de Malestroit\u00a0<\/em>\u00bb une histoire sombre et dr\u00f4le qui se d\u00e9roule pendant la guerre de Cent ans.<\/p>\n<p>Ce chemin de Grez \u00e0 Ch\u00e2tillon-sur-Loire qui emprunte en grande partie le GR13 est devenu depuis 2015 le tron\u00e7on d\u2019un Itin\u00e9raire culturel du Conseil de l\u2019Europe qui part des Highlands \u00e9cossais et se termine dans les C\u00e9vennes. L\u2019itin\u00e9raire commence \u00e0 \u00eatre bien connu des randonneurs qui parcourent tout ou partie des 149 kilom\u00e8tres. \u00a0Au sortir d\u2019une crise sanitaire qui a interrompu tant de projets de randonn\u00e9es, l\u2019association <em>\u00ab\u00a0Robert Louis Stevenson de Barbizon \u00e0 Grez\u00a0\u00bb<\/em> qui vient de r\u00e9\u00e9diter la brochure d\u00e9crivant ce chemin, a souhait\u00e9, \u00a0parcourir cet itin\u00e9raire en r\u00e9alisant une randonn\u00e9e de Nemours \u00e0 Ferri\u00e8res avec une \u00e9tape \u00e0 Ch\u00e2teau-Landon. \u00a0La vingtaine de randonneurs fut accueillie mardi 24 mai \u00e0 l\u2019H\u00f4tel-Dieu par madame Lagille, maire de Ch\u00e2teau-Landon et Mr Serge Pereira, adjoint au sport et au Tourisme. Ce fut pour les randonneurs l\u2019occasion de d\u00e9couvrir la Maison de la Pierre. Le lendemain apr\u00e8s le caf\u00e9 offert par l\u2019Office du Tourisme, les randonneurs, rejoints par d\u2019autres marcheurs,\u00a0 arriv\u00e9s par le bus 34 \u2013 et oui les transports collectifs servent aussi aux randonneurs\u00a0!- repartaient par le bien joli chemin des Amoureux pour Dordives et Ferri\u00e8res, o\u00f9 ils furent en accueillis et guid\u00e9s par l\u2019Office du Tourisme dans une passionnante visite des \u00e9glises et du c\u0153ur de la cit\u00e9.<\/p>\n<p>&nbsp;<\/p>\n<div id='gallery-1' class='gallery galleryid-3864 gallery-columns-2 gallery-size-large'><figure class='gallery-item'>\n\t\t\t<div class='gallery-icon landscape'>\n\t\t\t\t<a href='https:\/\/stevenson-fontainebleau.fr\/2026\/03\/24\/assemblee-generale-dimanche-29-mars\/_btn2753_w-2\/'><img loading=\"lazy\" decoding=\"async\" width=\"474\" height=\"312\" src=\"https:\/\/stevenson-fontainebleau.fr\/wp-content\/uploads\/2022\/06\/BTN2753_w-1024x675.jpg\" class=\"attachment-large size-large\" alt=\"\" srcset=\"https:\/\/stevenson-fontainebleau.fr\/wp-content\/uploads\/2022\/06\/BTN2753_w-1024x675.jpg 1024w, https:\/\/stevenson-fontainebleau.fr\/wp-content\/uploads\/2022\/06\/BTN2753_w-300x198.jpg 300w, https:\/\/stevenson-fontainebleau.fr\/wp-content\/uploads\/2022\/06\/BTN2753_w-768x506.jpg 768w, https:\/\/stevenson-fontainebleau.fr\/wp-content\/uploads\/2022\/06\/BTN2753_w-1536x1013.jpg 1536w, https:\/\/stevenson-fontainebleau.fr\/wp-content\/uploads\/2022\/06\/BTN2753_w.jpg 1920w\" sizes=\"auto, (max-width: 474px) 100vw, 474px\" \/><\/a>\n\t\t\t<\/div><\/figure><figure class='gallery-item'>\n\t\t\t<div class='gallery-icon landscape'>\n\t\t\t\t<a href='https:\/\/stevenson-fontainebleau.fr\/2026\/03\/24\/assemblee-generale-dimanche-29-mars\/_btn2806_w\/'><img loading=\"lazy\" decoding=\"async\" width=\"474\" height=\"346\" src=\"https:\/\/stevenson-fontainebleau.fr\/wp-content\/uploads\/2022\/06\/BTN2806_w-1024x748.jpg\" class=\"attachment-large size-large\" alt=\"\" srcset=\"https:\/\/stevenson-fontainebleau.fr\/wp-content\/uploads\/2022\/06\/BTN2806_w-1024x748.jpg 1024w, https:\/\/stevenson-fontainebleau.fr\/wp-content\/uploads\/2022\/06\/BTN2806_w-300x219.jpg 300w, https:\/\/stevenson-fontainebleau.fr\/wp-content\/uploads\/2022\/06\/BTN2806_w-768x561.jpg 768w, https:\/\/stevenson-fontainebleau.fr\/wp-content\/uploads\/2022\/06\/BTN2806_w-1536x1122.jpg 1536w, https:\/\/stevenson-fontainebleau.fr\/wp-content\/uploads\/2022\/06\/BTN2806_w.jpg 1920w\" sizes=\"auto, (max-width: 474px) 100vw, 474px\" \/><\/a>\n\t\t\t<\/div><\/figure><figure class='gallery-item'>\n\t\t\t<div class='gallery-icon landscape'>\n\t\t\t\t<a href='https:\/\/stevenson-fontainebleau.fr\/2026\/03\/24\/assemblee-generale-dimanche-29-mars\/_btn2836_w\/'><img loading=\"lazy\" decoding=\"async\" width=\"474\" height=\"375\" src=\"https:\/\/stevenson-fontainebleau.fr\/wp-content\/uploads\/2022\/06\/BTN2836_w.jpeg\" class=\"attachment-large size-large\" alt=\"\" srcset=\"https:\/\/stevenson-fontainebleau.fr\/wp-content\/uploads\/2022\/06\/BTN2836_w.jpeg 606w, https:\/\/stevenson-fontainebleau.fr\/wp-content\/uploads\/2022\/06\/BTN2836_w-300x238.jpeg 300w\" sizes=\"auto, (max-width: 474px) 100vw, 474px\" \/><\/a>\n\t\t\t<\/div><\/figure><figure class='gallery-item'>\n\t\t\t<div class='gallery-icon landscape'>\n\t\t\t\t<a href='https:\/\/stevenson-fontainebleau.fr\/2026\/03\/24\/assemblee-generale-dimanche-29-mars\/_btn2832_w\/'><img loading=\"lazy\" decoding=\"async\" width=\"474\" height=\"349\" src=\"https:\/\/stevenson-fontainebleau.fr\/wp-content\/uploads\/2022\/06\/BTN2832_w-1024x753.jpg\" class=\"attachment-large size-large\" alt=\"\" srcset=\"https:\/\/stevenson-fontainebleau.fr\/wp-content\/uploads\/2022\/06\/BTN2832_w-1024x753.jpg 1024w, https:\/\/stevenson-fontainebleau.fr\/wp-content\/uploads\/2022\/06\/BTN2832_w-300x221.jpg 300w, https:\/\/stevenson-fontainebleau.fr\/wp-content\/uploads\/2022\/06\/BTN2832_w-768x565.jpg 768w, https:\/\/stevenson-fontainebleau.fr\/wp-content\/uploads\/2022\/06\/BTN2832_w-1536x1130.jpg 1536w, https:\/\/stevenson-fontainebleau.fr\/wp-content\/uploads\/2022\/06\/BTN2832_w.jpg 1920w\" sizes=\"auto, (max-width: 474px) 100vw, 474px\" \/><\/a>\n\t\t\t<\/div><\/figure><figure class='gallery-item'>\n\t\t\t<div class='gallery-icon portrait'>\n\t\t\t\t<a href='https:\/\/stevenson-fontainebleau.fr\/2026\/03\/24\/assemblee-generale-dimanche-29-mars\/image0000001\/'><img loading=\"lazy\" decoding=\"async\" width=\"474\" height=\"632\" src=\"https:\/\/stevenson-fontainebleau.fr\/wp-content\/uploads\/2022\/06\/image0000001.jpeg\" class=\"attachment-large size-large\" alt=\"\" srcset=\"https:\/\/stevenson-fontainebleau.fr\/wp-content\/uploads\/2022\/06\/image0000001.jpeg 480w, https:\/\/stevenson-fontainebleau.fr\/wp-content\/uploads\/2022\/06\/image0000001-225x300.jpeg 225w\" sizes=\"auto, (max-width: 474px) 100vw, 474px\" \/><\/a>\n\t\t\t<\/div><\/figure><figure class='gallery-item'>\n\t\t\t<div class='gallery-icon portrait'>\n\t\t\t\t<a href='https:\/\/stevenson-fontainebleau.fr\/2026\/03\/24\/assemblee-generale-dimanche-29-mars\/_btn2802_\/'><img loading=\"lazy\" decoding=\"async\" width=\"474\" height=\"716\" src=\"https:\/\/stevenson-fontainebleau.fr\/wp-content\/uploads\/2022\/06\/BTN2802_-678x1024.jpg\" class=\"attachment-large size-large\" alt=\"\" srcset=\"https:\/\/stevenson-fontainebleau.fr\/wp-content\/uploads\/2022\/06\/BTN2802_-678x1024.jpg 678w, https:\/\/stevenson-fontainebleau.fr\/wp-content\/uploads\/2022\/06\/BTN2802_-199x300.jpg 199w, https:\/\/stevenson-fontainebleau.fr\/wp-content\/uploads\/2022\/06\/BTN2802_-768x1159.jpg 768w, https:\/\/stevenson-fontainebleau.fr\/wp-content\/uploads\/2022\/06\/BTN2802_-1018x1536.jpg 1018w, https:\/\/stevenson-fontainebleau.fr\/wp-content\/uploads\/2022\/06\/BTN2802_.jpg 1272w\" sizes=\"auto, (max-width: 474px) 100vw, 474px\" \/><\/a>\n\t\t\t<\/div><\/figure><figure class='gallery-item'>\n\t\t\t<div class='gallery-icon landscape'>\n\t\t\t\t<a href='https:\/\/stevenson-fontainebleau.fr\/2026\/03\/24\/assemblee-generale-dimanche-29-mars\/_btn2811_w\/'><img loading=\"lazy\" decoding=\"async\" width=\"474\" height=\"314\" src=\"https:\/\/stevenson-fontainebleau.fr\/wp-content\/uploads\/2022\/06\/BTN2811_w-1024x678.jpg\" class=\"attachment-large size-large\" alt=\"\" srcset=\"https:\/\/stevenson-fontainebleau.fr\/wp-content\/uploads\/2022\/06\/BTN2811_w-1024x678.jpg 1024w, https:\/\/stevenson-fontainebleau.fr\/wp-content\/uploads\/2022\/06\/BTN2811_w-300x199.jpg 300w, https:\/\/stevenson-fontainebleau.fr\/wp-content\/uploads\/2022\/06\/BTN2811_w-768x509.jpg 768w, https:\/\/stevenson-fontainebleau.fr\/wp-content\/uploads\/2022\/06\/BTN2811_w-1536x1018.jpg 1536w, https:\/\/stevenson-fontainebleau.fr\/wp-content\/uploads\/2022\/06\/BTN2811_w.jpg 1920w\" sizes=\"auto, (max-width: 474px) 100vw, 474px\" \/><\/a>\n\t\t\t<\/div><\/figure>\n\t\t<\/div>\n\n","protected":false},"excerpt":{"rendered":"<p>De Nemours \u00e0 Ferri\u00e8res en s&rsquo;arr\u00eatant \u00e0 Ch\u00e2teau-Landon, une vingtaine de randonneurs sur le chemin Stevenson les 24 et 25 mai 2022. L\u2019an prochain, c\u2019est promis, la randonn\u00e9e ira jusqu\u2019\u00e0 Ch\u00e2tillon-sur-Loire. Un grand merci pour l&rsquo;accueil et la participation de toutes et tous&#8230;. A Ch\u00e2teau-Landon, sur le chemin de Stevenson, \u00a0A partir de 1875, Robert &hellip; <a href=\"https:\/\/stevenson-fontainebleau.fr\/2026\/03\/24\/assemblee-generale-dimanche-29-mars\/evenements-en-cours\/programme-des-activites-2022\/randonee-pedestre-les-3-jours-en-mai-avec-stevenson-23-24-25-mai-2022\/randonee-pedestre-les-3-jours-en-mai-avec-stevenson\/\" class=\"more-link\">Continuer la lecture de <span class=\"screen-reader-text\">RANDON\u00c9E P\u00c9DESTRE \u00ab LES 3 JOURS EN MAI AVEC STEVENSON \u00bb<\/span>  <span class=\"meta-nav\">&rarr;<\/span><\/a><\/p>\n","protected":false},"author":1,"featured_media":0,"parent":3579,"menu_order":0,"comment_status":"closed","ping_status":"closed","template":"","meta":{"footnotes":""},"class_list":["post-3864","page","type-page","status-publish","hentry"],"_links":{"self":[{"href":"https:\/\/stevenson-fontainebleau.fr\/2026\/03\/24\/assemblee-generale-dimanche-29-mars\/wp-json\/wp\/v2\/pages\/3864","targetHints":{"allow":["GET"]}}],"collection":[{"href":"https:\/\/stevenson-fontainebleau.fr\/2026\/03\/24\/assemblee-generale-dimanche-29-mars\/wp-json\/wp\/v2\/pages"}],"about":[{"href":"https:\/\/stevenson-fontainebleau.fr\/2026\/03\/24\/assemblee-generale-dimanche-29-mars\/wp-json\/wp\/v2\/types\/page"}],"author":[{"embeddable":true,"href":"https:\/\/stevenson-fontainebleau.fr\/2026\/03\/24\/assemblee-generale-dimanche-29-mars\/wp-json\/wp\/v2\/users\/1"}],"replies":[{"embeddable":true,"href":"https:\/\/stevenson-fontainebleau.fr\/2026\/03\/24\/assemblee-generale-dimanche-29-mars\/wp-json\/wp\/v2\/comments?post=3864"}],"version-history":[{"count":1,"href":"https:\/\/stevenson-fontainebleau.fr\/2026\/03\/24\/assemblee-generale-dimanche-29-mars\/wp-json\/wp\/v2\/pages\/3864\/revisions"}],"predecessor-version":[{"id":3865,"href":"https:\/\/stevenson-fontainebleau.fr\/2026\/03\/24\/assemblee-generale-dimanche-29-mars\/wp-json\/wp\/v2\/pages\/3864\/revisions\/3865"}],"up":[{"embeddable":true,"href":"https:\/\/stevenson-fontainebleau.fr\/2026\/03\/24\/assemblee-generale-dimanche-29-mars\/wp-json\/wp\/v2\/pages\/3579"}],"wp:attachment":[{"href":"https:\/\/stevenson-fontainebleau.fr\/2026\/03\/24\/assemblee-generale-dimanche-29-mars\/wp-json\/wp\/v2\/media?parent=3864"}],"curies":[{"name":"wp","href":"https:\/\/api.w.org\/{rel}","templated":true}]}}