{"id":3851,"date":"2023-08-01T16:45:28","date_gmt":"2023-08-01T15:45:28","guid":{"rendered":"https:\/\/stevenson-fontainebleau.fr\/?page_id=3851"},"modified":"2024-05-27T18:12:38","modified_gmt":"2024-05-27T17:12:38","slug":"evenement-2023","status":"publish","type":"page","link":"https:\/\/stevenson-fontainebleau.fr\/2026\/03\/24\/assemblee-generale-dimanche-29-mars\/evenements-en-cours\/evenement-2023\/","title":{"rendered":"PROGRAMME DES ACTIVIT\u00c9S 2023"},"content":{"rendered":"<p><a href=\"http:\/\/stevenson-fontainebleau.fr\/2023\/06\/29\/et-le-jeudi-cest-stevenson-le-programme-des-petites-rando-balades-de-lete-2023\/\" target=\"_blank\" rel=\"noopener\">RANDO-BALADES DE L\u2019\u00c9T\u00c9 2023<\/a><\/p>\n<p>Un pont sur l&rsquo;Orvanne, avant le retour vers le lavoir de Dormelles, nous \u00e9tions une trentaine, jolie rando-d\u00e9couverte en large partie ombrag\u00e9e, n&rsquo;h\u00e9sitez pas \u00e0 vous inscrire pour les prochaines&#8230;<\/p>\n<div id='gallery-1' class='gallery galleryid-3851 gallery-columns-2 gallery-size-large'><figure class='gallery-item'>\n\t\t\t<div class='gallery-icon landscape'>\n\t\t\t\t<a href='https:\/\/stevenson-fontainebleau.fr\/2026\/03\/24\/assemblee-generale-dimanche-29-mars\/evenements-en-cours\/evenement-2023\/20230720_111031\/'><img loading=\"lazy\" decoding=\"async\" width=\"474\" height=\"221\" src=\"https:\/\/stevenson-fontainebleau.fr\/wp-content\/uploads\/2023\/08\/20230720_111031-1024x478.jpg\" class=\"attachment-large size-large\" alt=\"\" srcset=\"https:\/\/stevenson-fontainebleau.fr\/wp-content\/uploads\/2023\/08\/20230720_111031-1024x478.jpg 1024w, https:\/\/stevenson-fontainebleau.fr\/wp-content\/uploads\/2023\/08\/20230720_111031-300x140.jpg 300w, https:\/\/stevenson-fontainebleau.fr\/wp-content\/uploads\/2023\/08\/20230720_111031-768x359.jpg 768w, https:\/\/stevenson-fontainebleau.fr\/wp-content\/uploads\/2023\/08\/20230720_111031-1536x717.jpg 1536w, https:\/\/stevenson-fontainebleau.fr\/wp-content\/uploads\/2023\/08\/20230720_111031-2048x956.jpg 2048w\" sizes=\"auto, (max-width: 474px) 100vw, 474px\" \/><\/a>\n\t\t\t<\/div><\/figure><figure class='gallery-item'>\n\t\t\t<div class='gallery-icon landscape'>\n\t\t\t\t<a href='https:\/\/stevenson-fontainebleau.fr\/2026\/03\/24\/assemblee-generale-dimanche-29-mars\/evenements-en-cours\/evenement-2023\/362293667_6768268389871518_5155116643466851600_n\/'><img loading=\"lazy\" decoding=\"async\" width=\"474\" height=\"356\" src=\"https:\/\/stevenson-fontainebleau.fr\/wp-content\/uploads\/2023\/08\/362293667_6768268389871518_5155116643466851600_n-1024x768.jpg\" class=\"attachment-large size-large\" alt=\"\" srcset=\"https:\/\/stevenson-fontainebleau.fr\/wp-content\/uploads\/2023\/08\/362293667_6768268389871518_5155116643466851600_n-1024x768.jpg 1024w, https:\/\/stevenson-fontainebleau.fr\/wp-content\/uploads\/2023\/08\/362293667_6768268389871518_5155116643466851600_n-300x225.jpg 300w, https:\/\/stevenson-fontainebleau.fr\/wp-content\/uploads\/2023\/08\/362293667_6768268389871518_5155116643466851600_n-768x576.jpg 768w, https:\/\/stevenson-fontainebleau.fr\/wp-content\/uploads\/2023\/08\/362293667_6768268389871518_5155116643466851600_n-1536x1152.jpg 1536w, https:\/\/stevenson-fontainebleau.fr\/wp-content\/uploads\/2023\/08\/362293667_6768268389871518_5155116643466851600_n.jpg 2048w\" sizes=\"auto, (max-width: 474px) 100vw, 474px\" \/><\/a>\n\t\t\t<\/div><\/figure>\n\t\t<\/div>\n\n<p><a href=\"http:\/\/stevenson-fontainebleau.fr\/wp-content\/uploads\/2023\/08\/20230720_111031-scaled.jpg\">\u00a0\u00a0<\/a><\/p>\n<p>&nbsp;<\/p>\n<p><a href=\"http:\/\/stevenson-fontainebleau.fr\/2023\/05\/06\/cercle-de-lectures-2023-2\/\" target=\"_blank\" rel=\"noopener\">CERCLE DE LECTURES \u2013 SAISON 2023<\/a><\/p>\n","protected":false},"excerpt":{"rendered":"<p>RANDO-BALADES DE L\u2019\u00c9T\u00c9 2023 Un pont sur l&rsquo;Orvanne, avant le retour vers le lavoir de Dormelles, nous \u00e9tions une trentaine, jolie rando-d\u00e9couverte en large partie ombrag\u00e9e, n&rsquo;h\u00e9sitez pas \u00e0 vous inscrire pour les prochaines&#8230; \u00a0\u00a0 &nbsp; CERCLE DE LECTURES \u2013 SAISON 2023<\/p>\n","protected":false},"author":1,"featured_media":0,"parent":3890,"menu_order":895,"comment_status":"closed","ping_status":"closed","template":"","meta":{"footnotes":""},"class_list":["post-3851","page","type-page","status-publish","hentry"],"_links":{"self":[{"href":"https:\/\/stevenson-fontainebleau.fr\/2026\/03\/24\/assemblee-generale-dimanche-29-mars\/wp-json\/wp\/v2\/pages\/3851","targetHints":{"allow":["GET"]}}],"collection":[{"href":"https:\/\/stevenson-fontainebleau.fr\/2026\/03\/24\/assemblee-generale-dimanche-29-mars\/wp-json\/wp\/v2\/pages"}],"about":[{"href":"https:\/\/stevenson-fontainebleau.fr\/2026\/03\/24\/assemblee-generale-dimanche-29-mars\/wp-json\/wp\/v2\/types\/page"}],"author":[{"embeddable":true,"href":"https:\/\/stevenson-fontainebleau.fr\/2026\/03\/24\/assemblee-generale-dimanche-29-mars\/wp-json\/wp\/v2\/users\/1"}],"replies":[{"embeddable":true,"href":"https:\/\/stevenson-fontainebleau.fr\/2026\/03\/24\/assemblee-generale-dimanche-29-mars\/wp-json\/wp\/v2\/comments?post=3851"}],"version-history":[{"count":11,"href":"https:\/\/stevenson-fontainebleau.fr\/2026\/03\/24\/assemblee-generale-dimanche-29-mars\/wp-json\/wp\/v2\/pages\/3851\/revisions"}],"predecessor-version":[{"id":3917,"href":"https:\/\/stevenson-fontainebleau.fr\/2026\/03\/24\/assemblee-generale-dimanche-29-mars\/wp-json\/wp\/v2\/pages\/3851\/revisions\/3917"}],"up":[{"embeddable":true,"href":"https:\/\/stevenson-fontainebleau.fr\/2026\/03\/24\/assemblee-generale-dimanche-29-mars\/wp-json\/wp\/v2\/pages\/3890"}],"wp:attachment":[{"href":"https:\/\/stevenson-fontainebleau.fr\/2026\/03\/24\/assemblee-generale-dimanche-29-mars\/wp-json\/wp\/v2\/media?parent=3851"}],"curies":[{"name":"wp","href":"https:\/\/api.w.org\/{rel}","templated":true}]}}