{"id":2951,"date":"2020-12-18T10:29:55","date_gmt":"2020-12-18T09:29:55","guid":{"rendered":"http:\/\/stevenson-fontainebleau.fr\/?page_id=2951"},"modified":"2020-12-18T10:32:13","modified_gmt":"2020-12-18T09:32:13","slug":"evenements-novembre-2020","status":"publish","type":"page","link":"https:\/\/stevenson-fontainebleau.fr\/2026\/03\/24\/assemblee-generale-dimanche-29-mars\/evenements-en-cours\/programme-2020\/evenements-novembre-2020\/","title":{"rendered":"EVENEMENTS  NOVEMBRE  2020"},"content":{"rendered":"<p><img loading=\"lazy\" decoding=\"async\" class=\"wp-image-2939 alignleft\" src=\"http:\/\/stevenson-fontainebleau.fr\/wp-content\/uploads\/2020\/11\/rls.jpg\" alt=\"\" width=\"203\" height=\"241\" srcset=\"https:\/\/stevenson-fontainebleau.fr\/wp-content\/uploads\/2020\/11\/rls.jpg 287w, https:\/\/stevenson-fontainebleau.fr\/wp-content\/uploads\/2020\/11\/rls-252x300.jpg 252w\" sizes=\"auto, (max-width: 203px) 100vw, 203px\" \/><\/p>\n<p>&nbsp;<\/p>\n<p><em><span style=\"color: #ff6600;\"><strong>Nous avons le plaisir de vous rappeler que le 13 novembre 1850, \u00e0 13 h 30,\u00a0 est n\u00e9 \u00e0 Edimbourg, Robert Lewis Balfour Stevenson, fils <\/strong><\/span><\/em><em><span style=\"color: #ff6600;\"><strong>de Thomas Stevenson et petit-fils de Robert Stevenson, concepteurs et r\u00e9alisateurs de phares maritimes et de Margaret Isabella Balfour, fille de Lewis Balfour, pasteur de Colinton, village proche d\u2019Edimbourg<\/strong><\/span><\/em><\/p>\n<p>&nbsp;<\/p>\n<p>&nbsp;<\/p>\n<p>Bonjour,<\/p>\n<p>Chaque 13 novembre, la ville d\u2019Edimbourg comm\u00e9more la naissance de Robert Louis Stevenson par des \u00e9v\u00e8nements litt\u00e9raires et culturels.\u00a0 En Ecosse, comme ici, la pand\u00e9mie interdit toutes manifestations. Alors le RLS club et ses partenaires proposent sur diff\u00e9rents sites Internet ( You Tube, Facebook\u2026) des expositions, des lectures. Ian, nous a s\u00e9lectionn\u00e9 les sites que vous pouvez aller voir et \u00e9couter \u2013 cela vous permettra aussi de r\u00e9viser votre langue anglaise-\u00a0 Un grand merci \u00e0 Martin, David du RLS Club pour cette belle initiative. Vous recevrez la prochaine semaine une\u00a0 \u00ab\u00a0lettre du confinement\u00a0\u00bb pour vous donner des nouvelles de notre vie confin\u00e9e et des projets que nous essayons de maintenir bien vivants<\/p>\n<p>Amiti\u00e9s \u00e0 tous et \u00e0 toutes<\/p>\n<p>Michel LEGROS, pr\u00e9sident l\u2019association, \u00ab Robert Louis Stevenson, de Barbizon \u00e0 Grez \u00bb<\/p>\n<p>_____________________________________________________________________________________________<\/p>\n<p>Le site web cr\u00e9\u00e9 par des adh\u00e9rents du club RLS Edinburgh pour la journ\u00e9e RLS 2020 avec pleins des choses int\u00e9ressantes autour de RLS (en anglais!) : <a href=\"https:\/\/rlsday.wordpress.com\/\" target=\"_blank\" rel=\"noopener noreferrer\">https:\/\/rlsday.wordpress.com\/<\/a><\/p>\n<p>Si vous aimez les po\u00e9sies de RLS &lsquo;Child&rsquo;s garden of verses&rsquo; allez \u00e9couter les contributions sur: <a href=\"https:\/\/www.youtube.com\/channel\/UC_jhUFQjXka1qUeFkmntgVQ\/videos?view_as=subscriber\" target=\"_blank\" rel=\"noopener noreferrer\">https:\/\/www.youtube.com\/channel\/UC_jhUFQjXka1qUeFkmntgVQ\/videos?view_as=subscriber,<\/a> et pourquoi ne pas enregistrer votre po\u00e9sie RLS pr\u00e9f\u00e9r\u00e9e ( voir la section &lsquo;Grow A Garden Of Verses&rsquo; sur le page <a href=\"https:\/\/rlsday.wordpress.com\/\">https:\/\/rlsday.wordpress.com\/<\/a><\/p>\n<p>Et la video &lsquo;Autour du monde en moins d&rsquo;une heure (avec des lectures par moi-m\u00eame, Marie-Claude, Christian et d&rsquo;autres fans de RLS \u00e0 travers le monde) se trouve sur YouTube: <a href=\"https:\/\/www.youtube.com\/watch?v=M86INuFOXy4\" target=\"_blank\" rel=\"noopener noreferrer\">https:\/\/www.youtube.com\/watch?v=M86INuFOXy4<\/a><\/p>\n<p>Les \u00e9v\u00e9nements de la journ\u00e9e RLS organis\u00e9s par le &lsquo;Edingburgh City Arts Centre&rsquo; se trouvent sur leur page Facebook <a href=\"https:\/\/www.facebook.com\/City.Art.Centre.CAC\">https:\/\/www.facebook.com\/City.Art.Centre.CAC<\/a><\/p>\n<p>Tout en anglais. Enjoy!\u00a0 Bonne journ\u00e9e\u00a0 IAN<\/p>\n<p>____________________________________________________________________________________________<\/p>\n<h2>ANTOINETTE DANS LES C\u00c9VENNES<\/h2>\n<p>Une soir\u00e9e \u00e0 l&rsquo;Ermitage de Fontainebleau autour du film \u00e9tait programm\u00e9e le 26 novembre pour parler des C\u00e9vennes, \u00e0 la fin de la projection, par des marcheurs ayant parcouru le chemin Stevenson &#8211; GR 70 &#8211; et avec Monika et Michel de \u00ab\u00a0l&rsquo;Anerie de la Bacotte\u00a0\u00bb pour parler des \u00e2nes .<\/p>\n<p>Cette programmation est annul\u00e9e comme toute autre activit\u00e9 et nous regardons avec l&rsquo;\u00e9quipe de l&rsquo;Ermitage la possibilit\u00e9 de la reporter en janvier 2021. Nous vous communiquerons la date le moment venu.<\/p>\n<p>En attendant, prenez bien soin de vous.<\/p>\n<p><img loading=\"lazy\" decoding=\"async\" class=\"size-full wp-image-2926 aligncenter\" src=\"http:\/\/stevenson-fontainebleau.fr\/wp-content\/uploads\/2020\/11\/Antoinette.jpg\" alt=\"\" width=\"727\" height=\"517\" srcset=\"https:\/\/stevenson-fontainebleau.fr\/wp-content\/uploads\/2020\/11\/Antoinette.jpg 727w, https:\/\/stevenson-fontainebleau.fr\/wp-content\/uploads\/2020\/11\/Antoinette-300x213.jpg 300w\" sizes=\"auto, (max-width: 727px) 100vw, 727px\" \/><\/p>\n","protected":false},"excerpt":{"rendered":"<p>&nbsp; Nous avons le plaisir de vous rappeler que le 13 novembre 1850, \u00e0 13 h 30,\u00a0 est n\u00e9 \u00e0 Edimbourg, Robert Lewis Balfour Stevenson, fils de Thomas Stevenson et petit-fils de Robert Stevenson, concepteurs et r\u00e9alisateurs de phares maritimes et de Margaret Isabella Balfour, fille de Lewis Balfour, pasteur de Colinton, village proche d\u2019Edimbourg &hellip; <a href=\"https:\/\/stevenson-fontainebleau.fr\/2026\/03\/24\/assemblee-generale-dimanche-29-mars\/evenements-en-cours\/programme-2020\/evenements-novembre-2020\/\" class=\"more-link\">Continuer la lecture de <span class=\"screen-reader-text\">EVENEMENTS  NOVEMBRE  2020<\/span>  <span class=\"meta-nav\">&rarr;<\/span><\/a><\/p>\n","protected":false},"author":1,"featured_media":0,"parent":2806,"menu_order":0,"comment_status":"closed","ping_status":"closed","template":"","meta":{"footnotes":""},"class_list":["post-2951","page","type-page","status-publish","hentry"],"_links":{"self":[{"href":"https:\/\/stevenson-fontainebleau.fr\/2026\/03\/24\/assemblee-generale-dimanche-29-mars\/wp-json\/wp\/v2\/pages\/2951","targetHints":{"allow":["GET"]}}],"collection":[{"href":"https:\/\/stevenson-fontainebleau.fr\/2026\/03\/24\/assemblee-generale-dimanche-29-mars\/wp-json\/wp\/v2\/pages"}],"about":[{"href":"https:\/\/stevenson-fontainebleau.fr\/2026\/03\/24\/assemblee-generale-dimanche-29-mars\/wp-json\/wp\/v2\/types\/page"}],"author":[{"embeddable":true,"href":"https:\/\/stevenson-fontainebleau.fr\/2026\/03\/24\/assemblee-generale-dimanche-29-mars\/wp-json\/wp\/v2\/users\/1"}],"replies":[{"embeddable":true,"href":"https:\/\/stevenson-fontainebleau.fr\/2026\/03\/24\/assemblee-generale-dimanche-29-mars\/wp-json\/wp\/v2\/comments?post=2951"}],"version-history":[{"count":1,"href":"https:\/\/stevenson-fontainebleau.fr\/2026\/03\/24\/assemblee-generale-dimanche-29-mars\/wp-json\/wp\/v2\/pages\/2951\/revisions"}],"predecessor-version":[{"id":2952,"href":"https:\/\/stevenson-fontainebleau.fr\/2026\/03\/24\/assemblee-generale-dimanche-29-mars\/wp-json\/wp\/v2\/pages\/2951\/revisions\/2952"}],"up":[{"embeddable":true,"href":"https:\/\/stevenson-fontainebleau.fr\/2026\/03\/24\/assemblee-generale-dimanche-29-mars\/wp-json\/wp\/v2\/pages\/2806"}],"wp:attachment":[{"href":"https:\/\/stevenson-fontainebleau.fr\/2026\/03\/24\/assemblee-generale-dimanche-29-mars\/wp-json\/wp\/v2\/media?parent=2951"}],"curies":[{"name":"wp","href":"https:\/\/api.w.org\/{rel}","templated":true}]}}