{"id":2825,"date":"2020-08-05T18:16:50","date_gmt":"2020-08-05T17:16:50","guid":{"rendered":"http:\/\/stevenson-fontainebleau.fr\/?page_id=2825"},"modified":"2020-08-05T18:16:50","modified_gmt":"2020-08-05T17:16:50","slug":"aux-adherent-e-s-et-ami-e-s-de-lassociation-robert-louis-stevenson-de-barbizon-a-grez","status":"publish","type":"page","link":"https:\/\/stevenson-fontainebleau.fr\/2026\/03\/24\/assemblee-generale-dimanche-29-mars\/evenements-en-cours\/programme-2020\/evenements-annules-cause-covid\/aux-adherent-e-s-et-ami-e-s-de-lassociation-robert-louis-stevenson-de-barbizon-a-grez\/","title":{"rendered":"Aux adh\u00e9rent.e.s et ami.e.s, de l\u2019association  \u00ab Robert Louis Stevenson, de Barbizon \u00e0 Grez \u00bb"},"content":{"rendered":"<h5>Bien ch\u00e8res toutes, et tous,<\/h5>\n<p>J\u2019esp\u00e8re que vous et vos proches allez bien et que vous vous prot\u00e9gez du mieux qu\u2019il est possible.<\/p>\n<p>Nous savons les contraintes du confinement mais elles paraissent bien faibles au regard des souffrances des personnes hospitalis\u00e9es et de ceux dont les proches sont atteints.J\u2019ai une pens\u00e9e toute particuli\u00e8re pour nos ami.e.s des associations Stevenson de Pontoise jusqu\u2019\u00e0 la Belgique qui se trouvent depuis plusieurs semaines au c\u0153ur d&rsquo;une des r\u00e9gions les plus touch\u00e9es.<\/p>\n<p>Lors de notre assembl\u00e9e g\u00e9n\u00e9rale, le 2 f\u00e9vrier dernier, \u00e0 Recloses, nous avions pr\u00e9sent\u00e9 et valid\u00e9 un riche programme d\u2019activit\u00e9s .Progressivement, nous avons annul\u00e9 les premi\u00e8res manifestations ( randonn\u00e9e cont\u00e9e, chasse aux \u0153ufs et d\u00e9couvertes des oiseaux, jeu de piste sur les pas de Robert Louis Stevenson \u00e0 Grez) qui devaient se d\u00e9rouler en avril. <strong>Il est fort probable que les activit\u00e9s de mai ( randonn\u00e9e de trois jours vers la Loire, participation aux Naturiales de Fontainebleau\u2026) seront annul\u00e9es.<\/strong><\/p>\n<p>Nos amis italiens de la r\u00e9gion de Milan qui devaient venir randonner en juin ont report\u00e9 leur s\u00e9jour .<br \/>\nD\u2019autres r\u00e9unions internationales, comme le salon du tourisme de Berlin ou le Forum des itin\u00e9raires du Conseil de l\u2019Europe de juin sont d\u2019ores et d\u00e9j\u00e0 annul\u00e9es. Pour d\u2019autres activit\u00e9s, nous attendons des d\u00e9cisions d\u2019annulation et de report qui seront prises vers le 15 avril.<\/p>\n<p>Dans cette p\u00e9riode difficile \u00e0 vivre, nous pensons qu\u2019il est important de ne pas perdre les liens entre nous et de continuer \u00e0 partager autour des th\u00e8mes et des valeurs qui nous importent.<br \/>\nIl faut aussi r\u00e9fl\u00e9chir \u00e0 ce qu\u2019il nous faudra faire, lire et voir lorsque les chemins et les librairies seront de nouveau accessibles.<\/p>\n<p>Pour cela, nous allons essayer de vous envoyer r\u00e9guli\u00e8rement pendant les semaines \u00e0 venir sur votre messagerie, une sorte de \u00ab\u00a0Gazette du confinement \u00bb, l\u2019opportunit\u00e9 pour d\u00e9couvrir les activit\u00e9s pass\u00e9es mais r\u00e9centes de nos diff\u00e9rentes associations, de rediscuter de nos projets<br \/>\nmais aussi de retrouver des r\u00e9f\u00e9rences des sites internet parlant de Stevenson, de relire des textes connus et moins connus, de d\u00e9couvrir des analyses r\u00e9alis\u00e9es par des sp\u00e9cialistes de l\u2019\u0153uvre de Stevenson, de retrouver des documentaires sur les territoires parcourus par Stevenson.<br \/>\nCe sera aussi l\u2019occasion de recevoir vos remarques et d\u2019\u00e9changer entre nous, comme nous le faisons parfois sur les chemins ou lors de nos rencontres<\/p>\n<p>Amiti\u00e9s chaleureuses \u00e0 toutes et \u00e0 tous<\/p>\n<p>Michel Legros<br \/>\npr\u00e9sident de l\u2019association Robert Louis Stevenson de Barbizon \u00e0 Grez<br \/>\nVice pr\u00e9sident du r\u00e9seau europ\u00e9en<\/p>\n","protected":false},"excerpt":{"rendered":"<p>Bien ch\u00e8res toutes, et tous, J\u2019esp\u00e8re que vous et vos proches allez bien et que vous vous prot\u00e9gez du mieux qu\u2019il est possible. Nous savons les contraintes du confinement mais elles paraissent bien faibles au regard des souffrances des personnes hospitalis\u00e9es et de ceux dont les proches sont atteints.J\u2019ai une pens\u00e9e toute particuli\u00e8re pour nos &hellip; <a href=\"https:\/\/stevenson-fontainebleau.fr\/2026\/03\/24\/assemblee-generale-dimanche-29-mars\/evenements-en-cours\/programme-2020\/evenements-annules-cause-covid\/aux-adherent-e-s-et-ami-e-s-de-lassociation-robert-louis-stevenson-de-barbizon-a-grez\/\" class=\"more-link\">Continuer la lecture de <span class=\"screen-reader-text\">Aux adh\u00e9rent.e.s et ami.e.s, de l\u2019association  \u00ab Robert Louis Stevenson, de Barbizon \u00e0 Grez \u00bb<\/span>  <span class=\"meta-nav\">&rarr;<\/span><\/a><\/p>\n","protected":false},"author":1,"featured_media":0,"parent":2823,"menu_order":0,"comment_status":"closed","ping_status":"closed","template":"","meta":{"footnotes":""},"class_list":["post-2825","page","type-page","status-publish","hentry"],"_links":{"self":[{"href":"https:\/\/stevenson-fontainebleau.fr\/2026\/03\/24\/assemblee-generale-dimanche-29-mars\/wp-json\/wp\/v2\/pages\/2825","targetHints":{"allow":["GET"]}}],"collection":[{"href":"https:\/\/stevenson-fontainebleau.fr\/2026\/03\/24\/assemblee-generale-dimanche-29-mars\/wp-json\/wp\/v2\/pages"}],"about":[{"href":"https:\/\/stevenson-fontainebleau.fr\/2026\/03\/24\/assemblee-generale-dimanche-29-mars\/wp-json\/wp\/v2\/types\/page"}],"author":[{"embeddable":true,"href":"https:\/\/stevenson-fontainebleau.fr\/2026\/03\/24\/assemblee-generale-dimanche-29-mars\/wp-json\/wp\/v2\/users\/1"}],"replies":[{"embeddable":true,"href":"https:\/\/stevenson-fontainebleau.fr\/2026\/03\/24\/assemblee-generale-dimanche-29-mars\/wp-json\/wp\/v2\/comments?post=2825"}],"version-history":[{"count":1,"href":"https:\/\/stevenson-fontainebleau.fr\/2026\/03\/24\/assemblee-generale-dimanche-29-mars\/wp-json\/wp\/v2\/pages\/2825\/revisions"}],"predecessor-version":[{"id":2826,"href":"https:\/\/stevenson-fontainebleau.fr\/2026\/03\/24\/assemblee-generale-dimanche-29-mars\/wp-json\/wp\/v2\/pages\/2825\/revisions\/2826"}],"up":[{"embeddable":true,"href":"https:\/\/stevenson-fontainebleau.fr\/2026\/03\/24\/assemblee-generale-dimanche-29-mars\/wp-json\/wp\/v2\/pages\/2823"}],"wp:attachment":[{"href":"https:\/\/stevenson-fontainebleau.fr\/2026\/03\/24\/assemblee-generale-dimanche-29-mars\/wp-json\/wp\/v2\/media?parent=2825"}],"curies":[{"name":"wp","href":"https:\/\/api.w.org\/{rel}","templated":true}]}}