{"id":1834,"date":"2018-07-25T13:05:18","date_gmt":"2018-07-25T12:05:18","guid":{"rendered":"http:\/\/stevenson-fontainebleau.fr\/?page_id=1834"},"modified":"2018-07-25T13:35:17","modified_gmt":"2018-07-25T12:35:17","slug":"1834-2","status":"publish","type":"page","link":"https:\/\/stevenson-fontainebleau.fr\/2026\/03\/24\/assemblee-generale-dimanche-29-mars\/evenements-en-cours\/evenement-2018\/1834-2\/","title":{"rendered":"Soir\u00e9e-D\u00e9bat MADAME HYDE 24 Avril 2018"},"content":{"rendered":"<p>Suite \u00e0 la projection du film &lsquo;Madame Hyde&rsquo;, r\u00e9alis\u00e9 par Serge Bozon avec l&rsquo;actrice Isabelle Huppert, qui est une libre adaptation du roman de Robert Louis Stevenson et devant un public nombreux et int\u00e9ress\u00e9, Michel Legros et Jean-Pierre Naugrette ont anim\u00e9 le d\u00e9bat tout en r\u00e9pondant aux questions des spectateurs passionn\u00e9s par le roman de Robert Louis Stevenson \u00ab <em>l\u2019\u00e9trange cas du Dr Jekyll et de Mr Hyde <\/em>\u00bb, d\u00e9bat suivi d&rsquo;un conte narr\u00e9 par Genevi\u00e8ve Dumant.<\/p>\n<p><img loading=\"lazy\" decoding=\"async\" class=\"size-full wp-image-1775 aligncenter\" src=\"http:\/\/stevenson-fontainebleau.fr\/wp-content\/uploads\/2018\/05\/30738815_1840188616012878_8188029977850019840_n1.jpg\" alt=\"\" width=\"586\" height=\"831\" srcset=\"https:\/\/stevenson-fontainebleau.fr\/wp-content\/uploads\/2018\/05\/30738815_1840188616012878_8188029977850019840_n1.jpg 586w, https:\/\/stevenson-fontainebleau.fr\/wp-content\/uploads\/2018\/05\/30738815_1840188616012878_8188029977850019840_n1-212x300.jpg 212w\" sizes=\"auto, (max-width: 586px) 100vw, 586px\" \/><\/p>\n<p>&nbsp;<\/p>\n<p>[<img loading=\"lazy\" decoding=\"async\" src=\"http:\/\/stevenson-fontainebleau.fr\/wp-content\/uploads\/2018\/05\/P1060255_w-1-246x300.jpg\" alt=\"\" width=\"246\" height=\"300\" \/><img loading=\"lazy\" decoding=\"async\" src=\"http:\/\/stevenson-fontainebleau.fr\/wp-content\/uploads\/2018\/05\/P1060262_w-1-188x300.jpg\" alt=\"\" width=\"188\" height=\"300\" \/><\/p>\n<p><a href=\"http:\/\/stevenson-fontainebleau.fr\/p1060259_w-2\/\"><img loading=\"lazy\" decoding=\"async\" class=\"attachment-medium size-medium\" src=\"http:\/\/stevenson-fontainebleau.fr\/wp-content\/uploads\/2018\/05\/P1060259_w-1-246x300.jpg\" sizes=\"auto, (max-width: 246px) 100vw, 246px\" srcset=\"http:\/\/stevenson-fontainebleau.fr\/wp-content\/uploads\/2018\/05\/P1060259_w-1-246x300.jpg 246w, http:\/\/stevenson-fontainebleau.fr\/wp-content\/uploads\/2018\/05\/P1060259_w-1-768x936.jpg 768w, http:\/\/stevenson-fontainebleau.fr\/wp-content\/uploads\/2018\/05\/P1060259_w-1.jpg 840w\" alt=\"\" width=\"246\" height=\"300\" \/><\/a><a href=\"http:\/\/stevenson-fontainebleau.fr\/p1060261_w-2\/\"><img loading=\"lazy\" decoding=\"async\" class=\"attachment-medium size-medium\" src=\"http:\/\/stevenson-fontainebleau.fr\/wp-content\/uploads\/2018\/05\/P1060261_w-1-300x197.jpg\" sizes=\"auto, (max-width: 300px) 100vw, 300px\" srcset=\"http:\/\/stevenson-fontainebleau.fr\/wp-content\/uploads\/2018\/05\/P1060261_w-1-300x197.jpg 300w, http:\/\/stevenson-fontainebleau.fr\/wp-content\/uploads\/2018\/05\/P1060261_w-1-768x504.jpg 768w, http:\/\/stevenson-fontainebleau.fr\/wp-content\/uploads\/2018\/05\/P1060261_w-1-1024x672.jpg 1024w, http:\/\/stevenson-fontainebleau.fr\/wp-content\/uploads\/2018\/05\/P1060261_w-1.jpg 1280w\" alt=\"\" width=\"300\" height=\"197\" \/><\/a><\/p>\n","protected":false},"excerpt":{"rendered":"<p>Suite \u00e0 la projection du film &lsquo;Madame Hyde&rsquo;, r\u00e9alis\u00e9 par Serge Bozon avec l&rsquo;actrice Isabelle Huppert, qui est une libre adaptation du roman de Robert Louis Stevenson et devant un public nombreux et int\u00e9ress\u00e9, Michel Legros et Jean-Pierre Naugrette ont anim\u00e9 le d\u00e9bat tout en r\u00e9pondant aux questions des spectateurs passionn\u00e9s par le roman de &hellip; <a href=\"https:\/\/stevenson-fontainebleau.fr\/2026\/03\/24\/assemblee-generale-dimanche-29-mars\/evenements-en-cours\/evenement-2018\/1834-2\/\" class=\"more-link\">Continuer la lecture de <span class=\"screen-reader-text\">Soir\u00e9e-D\u00e9bat MADAME HYDE 24 Avril 2018<\/span>  <span class=\"meta-nav\">&rarr;<\/span><\/a><\/p>\n","protected":false},"author":1,"featured_media":0,"parent":1840,"menu_order":10,"comment_status":"closed","ping_status":"closed","template":"","meta":{"footnotes":""},"class_list":["post-1834","page","type-page","status-publish","hentry"],"_links":{"self":[{"href":"https:\/\/stevenson-fontainebleau.fr\/2026\/03\/24\/assemblee-generale-dimanche-29-mars\/wp-json\/wp\/v2\/pages\/1834","targetHints":{"allow":["GET"]}}],"collection":[{"href":"https:\/\/stevenson-fontainebleau.fr\/2026\/03\/24\/assemblee-generale-dimanche-29-mars\/wp-json\/wp\/v2\/pages"}],"about":[{"href":"https:\/\/stevenson-fontainebleau.fr\/2026\/03\/24\/assemblee-generale-dimanche-29-mars\/wp-json\/wp\/v2\/types\/page"}],"author":[{"embeddable":true,"href":"https:\/\/stevenson-fontainebleau.fr\/2026\/03\/24\/assemblee-generale-dimanche-29-mars\/wp-json\/wp\/v2\/users\/1"}],"replies":[{"embeddable":true,"href":"https:\/\/stevenson-fontainebleau.fr\/2026\/03\/24\/assemblee-generale-dimanche-29-mars\/wp-json\/wp\/v2\/comments?post=1834"}],"version-history":[{"count":2,"href":"https:\/\/stevenson-fontainebleau.fr\/2026\/03\/24\/assemblee-generale-dimanche-29-mars\/wp-json\/wp\/v2\/pages\/1834\/revisions"}],"predecessor-version":[{"id":1836,"href":"https:\/\/stevenson-fontainebleau.fr\/2026\/03\/24\/assemblee-generale-dimanche-29-mars\/wp-json\/wp\/v2\/pages\/1834\/revisions\/1836"}],"up":[{"embeddable":true,"href":"https:\/\/stevenson-fontainebleau.fr\/2026\/03\/24\/assemblee-generale-dimanche-29-mars\/wp-json\/wp\/v2\/pages\/1840"}],"wp:attachment":[{"href":"https:\/\/stevenson-fontainebleau.fr\/2026\/03\/24\/assemblee-generale-dimanche-29-mars\/wp-json\/wp\/v2\/media?parent=1834"}],"curies":[{"name":"wp","href":"https:\/\/api.w.org\/{rel}","templated":true}]}}