{"id":1454,"date":"2018-02-18T20:41:01","date_gmt":"2018-02-18T19:41:01","guid":{"rendered":"http:\/\/stevenson-fontainebleau.fr\/?page_id=1454"},"modified":"2018-07-25T13:31:37","modified_gmt":"2018-07-25T12:31:37","slug":"journee-stevenson-a-recloses-15-octobre-2017","status":"publish","type":"page","link":"https:\/\/stevenson-fontainebleau.fr\/2026\/03\/24\/assemblee-generale-dimanche-29-mars\/evenements-en-cours\/evenements-2017\/journee-stevenson-a-recloses-15-octobre-2017\/","title":{"rendered":"Journ\u00e9e Stevenson \u00e0 Recloses 15 octobre 2017"},"content":{"rendered":"<p><u><img loading=\"lazy\" decoding=\"async\" class=\"wp-image-198 alignleft\" src=\"http:\/\/stevenson-fontainebleau.fr\/wp-content\/uploads\/2015\/09\/DSC_2738-b-300x201.jpg\" alt=\"DSC_2738 b\" width=\"250\" height=\"167\" srcset=\"https:\/\/stevenson-fontainebleau.fr\/wp-content\/uploads\/2015\/09\/DSC_2738-b-300x201.jpg 300w, https:\/\/stevenson-fontainebleau.fr\/wp-content\/uploads\/2015\/09\/DSC_2738-b-1024x685.jpg 1024w\" sizes=\"auto, (max-width: 250px) 100vw, 250px\" \/><\/u><span style=\"color: #000080; text-decoration: underline;\"><img loading=\"lazy\" decoding=\"async\" class=\"wp-image-100 alignnone\" src=\"http:\/\/stevenson-fontainebleau.fr\/wp-content\/uploads\/2015\/06\/cropped-entete1-300x110.png\" alt=\"cropped-entete1.png\" width=\"333\" height=\"122\" srcset=\"https:\/\/stevenson-fontainebleau.fr\/wp-content\/uploads\/2015\/06\/cropped-entete1-300x110.png 300w, https:\/\/stevenson-fontainebleau.fr\/wp-content\/uploads\/2015\/06\/cropped-entete1-1024x376.png 1024w, https:\/\/stevenson-fontainebleau.fr\/wp-content\/uploads\/2015\/06\/cropped-entete1.png 1260w\" sizes=\"auto, (max-width: 333px) 100vw, 333px\" \/><u> <\/u><\/span><img loading=\"lazy\" decoding=\"async\" class=\"wp-image-197 alignnone\" src=\"http:\/\/stevenson-fontainebleau.fr\/wp-content\/uploads\/2015\/09\/DSC_2706-b-300x201.jpg\" alt=\"DSC_2706 b\" width=\"251\" height=\"168\" srcset=\"https:\/\/stevenson-fontainebleau.fr\/wp-content\/uploads\/2015\/09\/DSC_2706-b-300x201.jpg 300w, https:\/\/stevenson-fontainebleau.fr\/wp-content\/uploads\/2015\/09\/DSC_2706-b-1024x685.jpg 1024w\" sizes=\"auto, (max-width: 251px) 100vw, 251px\" \/><\/p>\n<h6>Deux d\u00e9parts simultan\u00e9s sont propos\u00e9s<\/h6>\n<p style=\"text-align: left;\"><u>nous aurons donc :<\/u><\/p>\n<p style=\"text-align: left;\">1 d\u00e9part de Grez \u00e0 proximit\u00e9 du vieux pont \u00e0 9 heures 30 (caf\u00e9 au d\u00e9part)<\/p>\n<p style=\"text-align: left;\">1 d\u00e9part de Barbizon (Mairie) \u00e0 8 heures 30 avec pause caf\u00e9 \u00e0 Franchard vers 9 heures 45<\/p>\n<p style=\"text-align: left;\">en principe&#8230; tous les randonneurs arrivent \u00e0 Recloses au m\u00eame moment vers 12 heures 15<\/p>\n<h3 style=\"text-align: left;\"><span style=\"color: #0000ff;\"><strong>Une affiche circulera dans qqs jours. La voici elle est arriv\u00e9e cliquez dessus pour l&rsquo;agrandir.<\/strong><\/span><\/h3>\n<h3 style=\"text-align: left;\"><span style=\"color: #0000ff;\"><strong> Venez nombreux!<\/strong><\/span><\/h3>\n<p><a href=\"http:\/\/stevenson-fontainebleau.fr\/wp-content\/uploads\/2017\/09\/affiche-stev.-2017.jpeg\" target=\"_blank\" rel=\"noopener noreferrer\"><img loading=\"lazy\" decoding=\"async\" class=\"wp-image-1362 alignnone\" src=\"http:\/\/stevenson-fontainebleau.fr\/wp-content\/uploads\/2017\/09\/affiche-stev.-2017-218x300.jpeg\" alt=\"\" width=\"227\" height=\"312\" srcset=\"https:\/\/stevenson-fontainebleau.fr\/wp-content\/uploads\/2017\/09\/affiche-stev.-2017-218x300.jpeg 218w, https:\/\/stevenson-fontainebleau.fr\/wp-content\/uploads\/2017\/09\/affiche-stev.-2017-768x1056.jpeg 768w, https:\/\/stevenson-fontainebleau.fr\/wp-content\/uploads\/2017\/09\/affiche-stev.-2017-745x1024.jpeg 745w, https:\/\/stevenson-fontainebleau.fr\/wp-content\/uploads\/2017\/09\/affiche-stev.-2017.jpeg 1700w\" sizes=\"auto, (max-width: 227px) 100vw, 227px\" \/><\/a><\/p>\n<p>Le repas sera pr\u00e9par\u00e9 par Cheffe Rosalie. Au menu : petit sal\u00e9 aux lentilles de Ch\u00e2teau-Landon et plat \u00e0 base de potiron pour les v\u00e9g\u00e9tariens. Un syst\u00e8me de pr\u00e9-inscription sera mis en place pour les repas(voir d\u00e9tail sur l&rsquo;affiche).<\/p>\n<p>L\u2019apr\u00e8s-midi, la salle polyvalente est r\u00e9serv\u00e9e. Le th\u00e8me : \u00ab on a march\u00e9\u2026. \u00bb avec la participation de Fran\u00e7oise Sylvestre, Mme Bonnot et Patrick Geay.<\/p>\n<p><img loading=\"lazy\" decoding=\"async\" id=\"il_fi\" src=\"http:\/\/www.chemin-stevenson.org\/images\/stories\/stevenson\/ICE\/Logo_RLS_Europe_ICE.jpg\" alt=\"Afficher l'image d'origine\" width=\"309\" height=\"95\" \/> Recloses <img loading=\"lazy\" decoding=\"async\" id=\"il_fi\" src=\"http:\/\/www.pays-fontainebleau.fr\/var\/cc_fontainebleau\/storage\/images\/mediatheque\/la-communaute\/images-et-logos\/logo-recloses\/301456-2-fre-FR\/logo-Recloses_medium.jpg\" alt=\"Afficher l'image d'origine\" width=\"98\" height=\"113\" \/><\/p>\n<h6 align=\"LEFT\"><span style=\"color: #7e0021; font-family: LiberationSansNarrow,Bold; font-size: xx-small;\"><b>L\u2019asssociation \u00ab R.L. Stevenson de Barbizon \u00e0 Grez \u00bb est membre du r\u00e9seau europ\u00e9en Sur les traces de R.L. Stevenson <\/b><\/span><span style=\"color: #800000; font-family: Arial; font-size: xx-small;\">Recloses<\/span><\/h6>\n","protected":false},"excerpt":{"rendered":"<p>Deux d\u00e9parts simultan\u00e9s sont propos\u00e9s nous aurons donc : 1 d\u00e9part de Grez \u00e0 proximit\u00e9 du vieux pont \u00e0 9 heures 30 (caf\u00e9 au d\u00e9part) 1 d\u00e9part de Barbizon (Mairie) \u00e0 8 heures 30 avec pause caf\u00e9 \u00e0 Franchard vers 9 heures 45 en principe&#8230; tous les randonneurs arrivent \u00e0 Recloses au m\u00eame moment vers &hellip; <a href=\"https:\/\/stevenson-fontainebleau.fr\/2026\/03\/24\/assemblee-generale-dimanche-29-mars\/evenements-en-cours\/evenements-2017\/journee-stevenson-a-recloses-15-octobre-2017\/\" class=\"more-link\">Continuer la lecture de <span class=\"screen-reader-text\">Journ\u00e9e Stevenson \u00e0 Recloses 15 octobre 2017<\/span>  <span class=\"meta-nav\">&rarr;<\/span><\/a><\/p>\n","protected":false},"author":1,"featured_media":0,"parent":1432,"menu_order":10,"comment_status":"closed","ping_status":"closed","template":"","meta":{"footnotes":""},"class_list":["post-1454","page","type-page","status-publish","hentry"],"_links":{"self":[{"href":"https:\/\/stevenson-fontainebleau.fr\/2026\/03\/24\/assemblee-generale-dimanche-29-mars\/wp-json\/wp\/v2\/pages\/1454","targetHints":{"allow":["GET"]}}],"collection":[{"href":"https:\/\/stevenson-fontainebleau.fr\/2026\/03\/24\/assemblee-generale-dimanche-29-mars\/wp-json\/wp\/v2\/pages"}],"about":[{"href":"https:\/\/stevenson-fontainebleau.fr\/2026\/03\/24\/assemblee-generale-dimanche-29-mars\/wp-json\/wp\/v2\/types\/page"}],"author":[{"embeddable":true,"href":"https:\/\/stevenson-fontainebleau.fr\/2026\/03\/24\/assemblee-generale-dimanche-29-mars\/wp-json\/wp\/v2\/users\/1"}],"replies":[{"embeddable":true,"href":"https:\/\/stevenson-fontainebleau.fr\/2026\/03\/24\/assemblee-generale-dimanche-29-mars\/wp-json\/wp\/v2\/comments?post=1454"}],"version-history":[{"count":1,"href":"https:\/\/stevenson-fontainebleau.fr\/2026\/03\/24\/assemblee-generale-dimanche-29-mars\/wp-json\/wp\/v2\/pages\/1454\/revisions"}],"predecessor-version":[{"id":1455,"href":"https:\/\/stevenson-fontainebleau.fr\/2026\/03\/24\/assemblee-generale-dimanche-29-mars\/wp-json\/wp\/v2\/pages\/1454\/revisions\/1455"}],"up":[{"embeddable":true,"href":"https:\/\/stevenson-fontainebleau.fr\/2026\/03\/24\/assemblee-generale-dimanche-29-mars\/wp-json\/wp\/v2\/pages\/1432"}],"wp:attachment":[{"href":"https:\/\/stevenson-fontainebleau.fr\/2026\/03\/24\/assemblee-generale-dimanche-29-mars\/wp-json\/wp\/v2\/media?parent=1454"}],"curies":[{"name":"wp","href":"https:\/\/api.w.org\/{rel}","templated":true}]}}